Last updated on 2022-04-24 03:52:34 CEST.
Flavor | Version | Tinstall | Tcheck | Ttotal | Status | Flags |
---|---|---|---|---|---|---|
r-devel-linux-x86_64-debian-clang | 1.0.0 | 11.37 | 117.40 | 128.77 | NOTE | |
r-devel-linux-x86_64-debian-gcc | 1.0.0 | 8.51 | 85.87 | 94.38 | NOTE | |
r-devel-linux-x86_64-fedora-clang | 1.0.0 | 152.20 | NOTE | |||
r-devel-linux-x86_64-fedora-gcc | 1.0.0 | 136.40 | NOTE | |||
r-patched-linux-x86_64 | 1.0.0 | 8.89 | 110.11 | 119.00 | NOTE | |
r-release-linux-x86_64 | 1.0.0 | 7.06 | 102.77 | 109.83 | NOTE | |
r-release-macos-arm64 | 1.0.0 | ERROR | ||||
r-release-macos-x86_64 | 1.0.0 | NOTE | ||||
r-release-windows-x86_64 | 1.0.0 | 15.00 | 121.00 | 136.00 | NOTE | |
r-oldrel-macos-arm64 | 1.0.0 | ERROR | ||||
r-oldrel-macos-x86_64 | 1.0.0 | NOTE | ||||
r-oldrel-windows-ix86+x86_64 | 1.0.0 | 30.00 | 113.00 | 143.00 | NOTE |
Version: 1.0.0
Check: LazyData
Result: NOTE
'LazyData' is specified without a 'data' directory
Flavors: r-devel-linux-x86_64-debian-clang, r-devel-linux-x86_64-debian-gcc, r-devel-linux-x86_64-fedora-clang, r-devel-linux-x86_64-fedora-gcc, r-patched-linux-x86_64, r-release-linux-x86_64, r-release-macos-x86_64, r-release-windows-x86_64, r-oldrel-macos-x86_64, r-oldrel-windows-ix86+x86_64
Version: 1.0.0
Check: package dependencies
Result: ERROR
Package required but not available: ‘EmpiricalBrownsMethod’
See section ‘The DESCRIPTION file’ in the ‘Writing R Extensions’
manual.
Flavors: r-release-macos-arm64, r-oldrel-macos-arm64