Last updated on 2022-04-24 03:52:34 CEST.
Flavor | Version | Tinstall | Tcheck | Ttotal | Status | Flags |
---|---|---|---|---|---|---|
r-devel-linux-x86_64-debian-clang | 2.0.0 | 41.23 | 178.99 | 220.22 | WARN | |
r-devel-linux-x86_64-debian-gcc | 2.0.0 | 34.59 | 135.56 | 170.15 | OK | |
r-devel-linux-x86_64-fedora-clang | 2.0.0 | 283.55 | WARN | |||
r-devel-linux-x86_64-fedora-gcc | 2.0.0 | 258.54 | NOTE | |||
r-patched-linux-x86_64 | 2.0.0 | 32.88 | 176.08 | 208.96 | OK | |
r-release-linux-x86_64 | 2.0.0 | 26.81 | 173.44 | 200.25 | OK | |
r-release-macos-arm64 | 2.0.0 | NOTE | ||||
r-release-macos-x86_64 | 2.0.0 | NOTE | ||||
r-release-windows-x86_64 | 2.0.0 | 85.00 | 237.00 | 322.00 | OK | |
r-oldrel-macos-arm64 | 2.0.0 | NOTE | ||||
r-oldrel-macos-x86_64 | 2.0.0 | NOTE | ||||
r-oldrel-windows-ix86+x86_64 | 2.0.0 | 103.00 | 280.00 | 383.00 | OK |
Version: 2.0.0
Check: whether package can be installed
Result: WARN
Found the following significant warnings:
fast_block_averages.cpp:26:11: warning: use of bitwise '|' with boolean operands [-Wbitwise-instead-of-logical]
fast_block_averages.cpp:98:12: warning: use of bitwise '|' with boolean operands [-Wbitwise-instead-of-logical]
fast_block_averages.cpp:139:12: warning: use of bitwise '|' with boolean operands [-Wbitwise-instead-of-logical]
Flavors: r-devel-linux-x86_64-debian-clang, r-devel-linux-x86_64-fedora-clang
Version: 2.0.0
Check: dependencies in R code
Result: NOTE
Namespace in Imports field not imported from: ‘RcppProgress’
All declared Imports should be used.
Flavors: r-devel-linux-x86_64-fedora-clang, r-devel-linux-x86_64-fedora-gcc, r-release-macos-arm64, r-release-macos-x86_64, r-oldrel-macos-arm64, r-oldrel-macos-x86_64