Last updated on 2022-04-24 03:52:34 CEST.
Flavor | Version | Tinstall | Tcheck | Ttotal | Status | Flags |
---|---|---|---|---|---|---|
r-devel-linux-x86_64-debian-clang | 0.1 | 3.35 | 58.58 | 61.93 | NOTE | |
r-devel-linux-x86_64-debian-gcc | 0.1 | 3.06 | 42.86 | 45.92 | NOTE | |
r-devel-linux-x86_64-fedora-clang | 0.1 | 78.51 | NOTE | |||
r-devel-linux-x86_64-fedora-gcc | 0.1 | 64.61 | NOTE | |||
r-patched-linux-x86_64 | 0.1 | 4.16 | 54.22 | 58.38 | NOTE | |
r-release-linux-x86_64 | 0.1 | 2.74 | 57.26 | 60.00 | NOTE | |
r-release-macos-arm64 | 0.1 | NOTE | ||||
r-release-macos-x86_64 | 0.1 | NOTE | ||||
r-release-windows-x86_64 | 0.1 | 20.00 | 74.00 | 94.00 | NOTE | |
r-oldrel-macos-arm64 | 0.1 | NOTE | ||||
r-oldrel-macos-x86_64 | 0.1 | NOTE | ||||
r-oldrel-windows-ix86+x86_64 | 0.1 | 7.00 | 67.00 | 74.00 | NOTE |
Version: 0.1
Check: LazyData
Result: NOTE
'LazyData' is specified without a 'data' directory
Flavors: r-devel-linux-x86_64-debian-clang, r-devel-linux-x86_64-debian-gcc, r-devel-linux-x86_64-fedora-clang, r-devel-linux-x86_64-fedora-gcc, r-patched-linux-x86_64, r-release-linux-x86_64, r-release-macos-arm64, r-release-macos-x86_64, r-release-windows-x86_64, r-oldrel-macos-arm64, r-oldrel-macos-x86_64, r-oldrel-windows-ix86+x86_64