Last updated on 2022-04-24 03:52:34 CEST.
Flavor | Version | Tinstall | Tcheck | Ttotal | Status | Flags |
---|---|---|---|---|---|---|
r-devel-linux-x86_64-debian-clang | 1.3-1 | 11.47 | 132.44 | 143.91 | OK | |
r-devel-linux-x86_64-debian-gcc | 1.3-1 | 9.35 | 97.64 | 106.99 | OK | |
r-devel-linux-x86_64-fedora-clang | 1.3-1 | 188.15 | NOTE | |||
r-devel-linux-x86_64-fedora-gcc | 1.3-1 | 158.82 | OK | |||
r-patched-linux-x86_64 | 1.3-1 | 11.92 | 125.46 | 137.38 | OK | |
r-release-linux-x86_64 | 1.3-1 | 10.89 | 120.35 | 131.24 | OK | |
r-release-macos-arm64 | 1.3-1 | NOTE | ||||
r-release-macos-x86_64 | 1.3-1 | NOTE | ||||
r-release-windows-x86_64 | 1.3-1 | 41.00 | 153.00 | 194.00 | NOTE | |
r-oldrel-macos-arm64 | 1.3-1 | NOTE | ||||
r-oldrel-macos-x86_64 | 1.3-1 | NOTE | ||||
r-oldrel-windows-ix86+x86_64 | 1.3-1 | 26.00 | 141.00 | 167.00 | NOTE |
Version: 1.3-1
Check: installed package size
Result: NOTE
installed size is 5.4Mb
sub-directories of 1Mb or more:
doc 4.9Mb
Flavors: r-devel-linux-x86_64-fedora-clang, r-release-macos-arm64, r-release-macos-x86_64, r-release-windows-x86_64, r-oldrel-macos-arm64, r-oldrel-macos-x86_64, r-oldrel-windows-ix86+x86_64