Last updated on 2022-04-24 03:52:34 CEST.
Flavor | Version | Tinstall | Tcheck | Ttotal | Status | Flags |
---|---|---|---|---|---|---|
r-devel-linux-x86_64-debian-clang | 1.3.17 | 28.53 | 58.51 | 87.04 | OK | |
r-devel-linux-x86_64-debian-gcc | 1.3.17 | 23.29 | 45.20 | 68.49 | OK | |
r-devel-linux-x86_64-fedora-clang | 1.3.17 | 115.69 | OK | |||
r-devel-linux-x86_64-fedora-gcc | 1.3.17 | 97.10 | OK | |||
r-patched-linux-x86_64 | 1.3.17 | 26.48 | 57.57 | 84.05 | OK | |
r-release-linux-x86_64 | 1.3.17 | 22.71 | 56.02 | 78.73 | OK | |
r-release-macos-arm64 | 1.3.17 | OK | ||||
r-release-macos-x86_64 | 1.3.17 | NOTE | ||||
r-release-windows-x86_64 | 1.3.17 | 37.00 | 111.00 | 148.00 | OK | |
r-oldrel-macos-arm64 | 1.3.17 | OK | ||||
r-oldrel-macos-x86_64 | 1.3.17 | NOTE | ||||
r-oldrel-windows-ix86+x86_64 | 1.3.17 | 64.00 | 128.00 | 192.00 | OK |
Version: 1.3.17
Check: package dependencies
Result: NOTE
Package suggested but not available for checking: ‘lfa’
Flavors: r-release-macos-x86_64, r-oldrel-macos-x86_64