Last updated on 2022-04-24 03:52:34 CEST.
| Flavor | Version | Tinstall | Tcheck | Ttotal | Status | Flags | 
|---|---|---|---|---|---|---|
| r-devel-linux-x86_64-debian-clang | 6.0 | 9.47 | 118.45 | 127.92 | OK | |
| r-devel-linux-x86_64-debian-gcc | 6.0 | 8.00 | 85.60 | 93.60 | OK | |
| r-devel-linux-x86_64-fedora-clang | 6.0 | 149.03 | OK | |||
| r-devel-linux-x86_64-fedora-gcc | 6.0 | 133.18 | OK | |||
| r-patched-linux-x86_64 | 6.0 | 9.15 | 111.41 | 120.56 | OK | |
| r-release-linux-x86_64 | 6.0 | 7.21 | 104.90 | 112.11 | OK | |
| r-release-macos-arm64 | 6.0 | OK | ||||
| r-release-macos-x86_64 | 6.0 | ERROR | ||||
| r-release-windows-x86_64 | 6.0 | 22.00 | 135.00 | 157.00 | OK | |
| r-oldrel-macos-arm64 | 6.0 | OK | ||||
| r-oldrel-macos-x86_64 | 6.0 | ERROR | ||||
| r-oldrel-windows-ix86+x86_64 | 6.0 | 25.00 | 180.00 | 205.00 | ERROR | 
Version: 6.0
Check: tests
Result: ERROR
      Running ‘testthat.R’ [5s/5s]
    Running the tests in ‘tests/testthat.R’ failed.
    Last 13 lines of output:
      ══ Failed tests ════════════════════════════════════════════════════════════════
      ── Failure (test-predict.R:12:3): map.predict function works ───────────────────
      p[56, 1] (`actual`) not equal to "versicolor" (`expected`).
      
      `actual`:   "virginica" 
      `expected`: "versicolor"
      ── Failure (test-predict.R:13:3): map.predict function works ───────────────────
      p[145, 1] (`actual`) not equal to "virginica" (`expected`).
      
      `actual`:   "versicolor"
      `expected`: "virginica" 
      
      [ FAIL 2 | WARN 0 | SKIP 0 | PASS 10 ]
      Error: Test failures
      Execution halted
Flavors: r-release-macos-x86_64, r-oldrel-macos-x86_64
Version: 6.0
Check: running tests for arch ‘i386’
Result: ERROR
      Running 'testthat.R' [15s]
    Running the tests in 'tests/testthat.R' failed.
    Complete output:
      > library(testthat)
      > library(popsom)
      > 
      > test_check("popsom")
      [ FAIL 2 | WARN 0 | SKIP 0 | PASS 10 ]
      
      == Failed tests ================================================================
      -- Failure (test-predict.R:12:3): map.predict function works -------------------
      p[56, 1] (`actual`) not equal to "versicolor" (`expected`).
      
      `actual`:   "virginica" 
      `expected`: "versicolor"
      -- Failure (test-predict.R:13:3): map.predict function works -------------------
      p[145, 1] (`actual`) not equal to "virginica" (`expected`).
      
      `actual`:   "versicolor"
      `expected`: "virginica" 
      
      [ FAIL 2 | WARN 0 | SKIP 0 | PASS 10 ]
      Error: Test failures
      Execution halted
Flavor: r-oldrel-windows-ix86+x86_64
Version: 6.0
Check: running tests for arch ‘x64’
Result: ERROR
      Running 'testthat.R' [17s]
    Running the tests in 'tests/testthat.R' failed.
    Complete output:
      > library(testthat)
      > library(popsom)
      > 
      > test_check("popsom")
      [ FAIL 2 | WARN 0 | SKIP 0 | PASS 10 ]
      
      == Failed tests ================================================================
      -- Failure (test-predict.R:12:3): map.predict function works -------------------
      p[56, 1] (`actual`) not equal to "versicolor" (`expected`).
      
      `actual`:   "virginica" 
      `expected`: "versicolor"
      -- Failure (test-predict.R:13:3): map.predict function works -------------------
      p[145, 1] (`actual`) not equal to "virginica" (`expected`).
      
      `actual`:   "versicolor"
      `expected`: "virginica" 
      
      [ FAIL 2 | WARN 0 | SKIP 0 | PASS 10 ]
      Error: Test failures
      Execution halted
Flavor: r-oldrel-windows-ix86+x86_64