Last updated on 2022-04-24 03:52:34 CEST.
Flavor | Version | Tinstall | Tcheck | Ttotal | Status | Flags |
---|---|---|---|---|---|---|
r-devel-linux-x86_64-debian-clang | 0.3.0 | 75.33 | 95.31 | 170.64 | OK | |
r-devel-linux-x86_64-debian-gcc | 0.3.0 | 53.20 | 72.16 | 125.36 | OK | |
r-devel-linux-x86_64-fedora-clang | 0.3.0 | 220.97 | NOTE | |||
r-devel-linux-x86_64-fedora-gcc | 0.3.0 | 188.84 | OK | |||
r-patched-linux-x86_64 | 0.3.0 | 64.28 | 90.87 | 155.15 | OK | |
r-release-linux-x86_64 | 0.3.0 | 56.57 | 88.74 | 145.31 | OK | |
r-release-macos-arm64 | 0.3.0 | NOTE | ||||
r-release-macos-x86_64 | 0.3.0 | WARN | --as-cran | |||
r-release-windows-x86_64 | 0.3.0 | 67.00 | 131.00 | 198.00 | OK | |
r-oldrel-macos-arm64 | 0.3.0 | NOTE | ||||
r-oldrel-macos-x86_64 | 0.3.0 | WARN | --as-cran | |||
r-oldrel-windows-ix86+x86_64 | 0.3.0 | 130.00 | 143.00 | 273.00 | OK |
Version: 0.3.0
Check: Rd cross-references
Result: NOTE
Undeclared packages ‘rags2ridges’, ‘ragt2ridges’ in Rd xrefs
Flavor: r-devel-linux-x86_64-fedora-clang
Version: 0.3.0
Check: installed package size
Result: NOTE
installed size is 8.0Mb
sub-directories of 1Mb or more:
libs 7.6Mb
Flavors: r-release-macos-arm64, r-oldrel-macos-arm64
Version: 0.3.0
Flags: --as-cran
Check: CRAN incoming feasibility
Result: WARN
Maintainer: ‘Wessel N. van Wieringen <w.vanwieringen@vumc.nl>’
Insufficient package version (submitted: 0.3.0, existing: 0.3.0)
Days since last update: 1
Flavors: r-release-macos-x86_64, r-oldrel-macos-x86_64
Version: 0.3.0
Flags: --as-cran
Check: installed package size
Result: NOTE
installed size is 6.8Mb
sub-directories of 1Mb or more:
libs 6.5Mb
Flavors: r-release-macos-x86_64, r-oldrel-macos-x86_64