Last updated on 2022-04-24 03:52:34 CEST.
Flavor | Version | Tinstall | Tcheck | Ttotal | Status | Flags |
---|---|---|---|---|---|---|
r-devel-linux-x86_64-debian-clang | 5.0 | 10.62 | 112.68 | 123.30 | OK | |
r-devel-linux-x86_64-debian-gcc | 5.0 | 7.70 | 82.99 | 90.69 | OK | |
r-devel-linux-x86_64-fedora-clang | 5.0 | 153.57 | NOTE | |||
r-devel-linux-x86_64-fedora-gcc | 5.0 | 140.12 | OK | |||
r-patched-linux-x86_64 | 5.0 | 10.19 | 106.65 | 116.84 | OK | |
r-release-linux-x86_64 | 5.0 | 7.40 | 101.29 | 108.69 | OK | |
r-release-macos-arm64 | 5.0 | OK | ||||
r-release-macos-x86_64 | 5.0 | OK | ||||
r-release-windows-x86_64 | 5.0 | 18.00 | 151.00 | 169.00 | OK | |
r-oldrel-macos-arm64 | 5.0 | OK | ||||
r-oldrel-macos-x86_64 | 5.0 | OK | ||||
r-oldrel-windows-ix86+x86_64 | 5.0 | 23.00 | 125.00 | 148.00 | OK |
Version: 5.0
Check: Rd cross-references
Result: NOTE
Undeclared package ‘TSA’ in Rd xrefs
Flavor: r-devel-linux-x86_64-fedora-clang