Last updated on 2022-04-24 03:52:34 CEST.
Flavor | Version | Tinstall | Tcheck | Ttotal | Status | Flags |
---|---|---|---|---|---|---|
r-devel-linux-x86_64-debian-clang | 2.4.0.2 | 28.62 | 218.12 | 246.74 | OK | |
r-devel-linux-x86_64-debian-gcc | 2.4.0.2 | 24.78 | 160.71 | 185.49 | OK | |
r-devel-linux-x86_64-fedora-clang | 2.4.0.2 | 303.04 | NOTE | |||
r-devel-linux-x86_64-fedora-gcc | 2.4.0.2 | 273.48 | NOTE | |||
r-patched-linux-x86_64 | 2.4.0.2 | 28.88 | 208.03 | 236.91 | OK | |
r-release-linux-x86_64 | 2.4.0.2 | 21.87 | 194.00 | 215.87 | OK | |
r-release-macos-arm64 | 2.4.0.2 | NOTE | ||||
r-release-macos-x86_64 | 2.4.0.2 | WARN | --as-cran | |||
r-release-windows-x86_64 | 2.4.0.2 | 85.00 | 197.00 | 282.00 | OK | |
r-oldrel-macos-arm64 | 2.4.0.2 | NOTE | ||||
r-oldrel-macos-x86_64 | 2.4.0.2 | WARN | --as-cran | |||
r-oldrel-windows-ix86+x86_64 | 2.4.0.2 | 56.00 | 195.00 | 251.00 | OK |
Version: 2.4.0.2
Check: dependencies in R code
Result: NOTE
Namespaces in Imports field not imported from:
‘ActCR’ ‘ActFrag’ ‘tidyr’
All declared Imports should be used.
Flavors: r-devel-linux-x86_64-fedora-clang, r-devel-linux-x86_64-fedora-gcc, r-release-macos-arm64, r-oldrel-macos-arm64
Version: 2.4.0.2
Flags: --as-cran
Check: CRAN incoming feasibility
Result: WARN
Maintainer: ‘Wei Guo <wei.guo3@nih.gov>’
Insufficient package version (submitted: 2.4.0.2, existing: 2.4.0.2)
Days since last update: 1
Flavors: r-release-macos-x86_64, r-oldrel-macos-x86_64