Last updated on 2022-04-24 03:52:34 CEST.
Flavor | Version | Tinstall | Tcheck | Ttotal | Status | Flags |
---|---|---|---|---|---|---|
r-devel-linux-x86_64-debian-clang | 0.2.3 | 2.13 | 32.09 | 34.22 | OK | |
r-devel-linux-x86_64-debian-gcc | 0.2.3 | 2.01 | 24.27 | 26.28 | OK | |
r-devel-linux-x86_64-fedora-clang | 0.2.3 | 42.04 | NOTE | |||
r-devel-linux-x86_64-fedora-gcc | 0.2.3 | 29.21 | OK | |||
r-patched-linux-x86_64 | 0.2.3 | 2.29 | 30.45 | 32.74 | OK | |
r-release-linux-x86_64 | 0.2.3 | 1.78 | 30.07 | 31.85 | OK | |
r-release-macos-arm64 | 0.2.3 | OK | ||||
r-release-macos-x86_64 | 0.2.3 | WARN | --as-cran | |||
r-release-windows-x86_64 | 0.2.3 | 23.00 | 47.00 | 70.00 | OK | |
r-oldrel-macos-arm64 | 0.2.3 | OK | ||||
r-oldrel-macos-x86_64 | 0.2.3 | WARN | --as-cran | |||
r-oldrel-windows-ix86+x86_64 | 0.2.3 | 7.00 | 38.00 | 45.00 | OK |
Version: 0.2.3
Check: Rd cross-references
Result: NOTE
Undeclared package ‘bslib’ in Rd xrefs
Flavor: r-devel-linux-x86_64-fedora-clang
Version: 0.2.3
Flags: --as-cran
Check: CRAN incoming feasibility
Result: WARN
Maintainer: ‘Sean Kross <sean@seankross.com>’
Insufficient package version (submitted: 0.2.3, existing: 0.2.3)
Days since last update: 0
Flavors: r-release-macos-x86_64, r-oldrel-macos-x86_64
Version: 0.2.3
Flags: --as-cran
Check: top-level files
Result: NOTE
Files ‘README.md’ or ‘NEWS.md’ cannot be checked without ‘pandoc’ being installed.
Flavors: r-release-macos-x86_64, r-oldrel-macos-x86_64