Last updated on 2022-04-24 03:52:34 CEST.
Flavor | Version | Tinstall | Tcheck | Ttotal | Status | Flags |
---|---|---|---|---|---|---|
r-devel-linux-x86_64-debian-clang | 0.5.3 | 2.99 | 47.22 | 50.21 | OK | |
r-devel-linux-x86_64-debian-gcc | 0.5.3 | 2.56 | 36.68 | 39.24 | OK | |
r-devel-linux-x86_64-fedora-clang | 0.5.3 | 65.16 | NOTE | |||
r-devel-linux-x86_64-fedora-gcc | 0.5.3 | 50.49 | OK | |||
r-patched-linux-x86_64 | 0.5.3 | 4.02 | 45.59 | 49.61 | OK | |
r-release-linux-x86_64 | 0.5.3 | 2.65 | 48.54 | 51.19 | OK | |
r-release-macos-arm64 | 0.5.3 | NOTE | ||||
r-release-macos-x86_64 | 0.5.3 | OK | ||||
r-release-windows-x86_64 | 0.5.3 | 26.00 | 77.00 | 103.00 | OK | |
r-oldrel-macos-arm64 | 0.5.3 | NOTE | ||||
r-oldrel-macos-x86_64 | 0.5.3 | OK | ||||
r-oldrel-windows-ix86+x86_64 | 0.5.3 | 10.00 | 60.00 | 70.00 | OK |
Version: 0.5.3
Check: Rd cross-references
Result: NOTE
Undeclared packages ‘rstan’, ‘R2WinBUGS’, ‘R2jags’, ‘R2OpenBUGS’, ‘nimble’, ‘rjags’, ‘jagsUI’ in Rd xrefs
Flavor: r-devel-linux-x86_64-fedora-clang
Version: 0.5.3
Check: Rd cross-references
Result: NOTE
Packages unavailable to check Rd xrefs: ‘R2jags’, ‘rjags’, ‘jagsUI’
Flavors: r-release-macos-arm64, r-oldrel-macos-arm64