Last updated on 2022-04-24 03:52:34 CEST.
Flavor | Version | Tinstall | Tcheck | Ttotal | Status | Flags |
---|---|---|---|---|---|---|
r-devel-linux-x86_64-debian-clang | 1.3.0 | 9.99 | 261.66 | 271.65 | OK | |
r-devel-linux-x86_64-debian-gcc | 1.3.0 | 8.47 | 186.27 | 194.74 | OK | |
r-devel-linux-x86_64-fedora-clang | 1.3.0 | 324.79 | NOTE | |||
r-devel-linux-x86_64-fedora-gcc | 1.3.0 | 297.52 | OK | |||
r-patched-linux-x86_64 | 1.3.0 | 12.22 | 248.25 | 260.47 | OK | |
r-release-linux-x86_64 | 1.3.0 | 10.79 | 227.75 | 238.54 | OK | |
r-release-macos-arm64 | 1.3.0 | OK | ||||
r-release-macos-x86_64 | 1.3.0 | OK | ||||
r-release-windows-x86_64 | 1.3.0 | 40.00 | 295.00 | 335.00 | OK | |
r-oldrel-macos-arm64 | 1.3.0 | OK | ||||
r-oldrel-macos-x86_64 | 1.3.0 | OK | ||||
r-oldrel-windows-ix86+x86_64 | 1.3.0 | 22.00 | 96.00 | 118.00 | WARN |
Version: 1.3.0
Check: installed package size
Result: NOTE
installed size is 5.0Mb
sub-directories of 1Mb or more:
data 1.1Mb
doc 3.0Mb
Flavor: r-devel-linux-x86_64-fedora-clang
Version: 1.3.0
Check: re-building of vignette outputs
Result: WARN
Error(s) in re-building vignettes:
--- re-building 'Loading_and_manipulating.Rmd' using rmarkdown
Error: processing vignette 'Loading_and_manipulating.Rmd' failed with diagnostics:
Using anchor_sections requires Pandoc 2.0+
--- failed re-building 'Loading_and_manipulating.Rmd'
--- re-building 'full_pattern_summation.Rmd' using rmarkdown
Error: processing vignette 'full_pattern_summation.Rmd' failed with diagnostics:
Using anchor_sections requires Pandoc 2.0+
--- failed re-building 'full_pattern_summation.Rmd'
SUMMARY: processing the following files failed:
'Loading_and_manipulating.Rmd' 'full_pattern_summation.Rmd'
Error: Vignette re-building failed.
Execution halted
Flavor: r-oldrel-windows-ix86+x86_64