Last updated on 2022-04-24 03:52:34 CEST.
Flavor | Version | Tinstall | Tcheck | Ttotal | Status | Flags |
---|---|---|---|---|---|---|
r-devel-linux-x86_64-debian-clang | 1.0.1 | 2.17 | 31.84 | 34.01 | NOTE | |
r-devel-linux-x86_64-debian-gcc | 1.0.1 | 1.61 | 24.97 | 26.58 | NOTE | |
r-devel-linux-x86_64-fedora-clang | 1.0.1 | 42.80 | NOTE | |||
r-devel-linux-x86_64-fedora-gcc | 1.0.1 | 30.13 | NOTE | |||
r-patched-linux-x86_64 | 1.0.1 | 1.74 | 32.27 | 34.01 | NOTE | |
r-release-linux-x86_64 | 1.0.1 | 1.68 | 30.12 | 31.80 | NOTE | |
r-release-macos-arm64 | 1.0.1 | NOTE | ||||
r-release-macos-x86_64 | 1.0.1 | NOTE | ||||
r-release-windows-x86_64 | 1.0.1 | 16.00 | 48.00 | 64.00 | NOTE | |
r-oldrel-macos-arm64 | 1.0.1 | NOTE | ||||
r-oldrel-macos-x86_64 | 1.0.1 | NOTE | ||||
r-oldrel-windows-ix86+x86_64 | 1.0.1 | 4.00 | 37.00 | 41.00 | NOTE |
Version: 1.0.1
Check: LazyData
Result: NOTE
'LazyData' is specified without a 'data' directory
Flavors: r-devel-linux-x86_64-debian-clang, r-devel-linux-x86_64-debian-gcc, r-devel-linux-x86_64-fedora-clang, r-devel-linux-x86_64-fedora-gcc, r-patched-linux-x86_64, r-release-linux-x86_64, r-release-macos-arm64, r-release-macos-x86_64, r-release-windows-x86_64, r-oldrel-macos-arm64, r-oldrel-macos-x86_64, r-oldrel-windows-ix86+x86_64