Last updated on 2022-04-24 03:52:34 CEST.
Flavor | Version | Tinstall | Tcheck | Ttotal | Status | Flags |
---|---|---|---|---|---|---|
r-devel-linux-x86_64-debian-clang | 1.0 | 31.29 | 180.03 | 211.32 | OK | |
r-devel-linux-x86_64-debian-gcc | 1.0 | 22.27 | 132.97 | 155.24 | OK | |
r-devel-linux-x86_64-fedora-clang | 1.0 | 272.64 | NOTE | |||
r-devel-linux-x86_64-fedora-gcc | 1.0 | 247.60 | NOTE | |||
r-patched-linux-x86_64 | 1.0 | 28.66 | 165.52 | 194.18 | OK | |
r-release-linux-x86_64 | 1.0 | 24.59 | 162.38 | 186.97 | OK | |
r-release-macos-arm64 | 1.0 | NOTE | ||||
r-release-macos-x86_64 | 1.0 | NOTE | ||||
r-release-windows-x86_64 | 1.0 | 100.00 | 214.00 | 314.00 | OK | |
r-oldrel-macos-arm64 | 1.0 | NOTE | ||||
r-oldrel-macos-x86_64 | 1.0 | NOTE | ||||
r-oldrel-windows-ix86+x86_64 | 1.0 | 71.00 | 274.00 | 345.00 | OK |
Version: 1.0
Check: dependencies in R code
Result: NOTE
Namespaces in Imports field not imported from:
‘lme4’ ‘methods’ ‘plyr’
All declared Imports should be used.
Flavors: r-devel-linux-x86_64-fedora-clang, r-devel-linux-x86_64-fedora-gcc, r-release-macos-arm64, r-release-macos-x86_64, r-oldrel-macos-arm64, r-oldrel-macos-x86_64