Last updated on 2022-04-24 03:52:34 CEST.
Flavor | Version | Tinstall | Tcheck | Ttotal | Status | Flags |
---|---|---|---|---|---|---|
r-devel-linux-x86_64-debian-clang | 1.0.5 | 2.16 | 38.40 | 40.56 | NOTE | |
r-devel-linux-x86_64-debian-gcc | 1.0.5 | 2.02 | 29.36 | 31.38 | NOTE | |
r-devel-linux-x86_64-fedora-clang | 1.0.5 | 51.45 | NOTE | |||
r-devel-linux-x86_64-fedora-gcc | 1.0.5 | 37.37 | NOTE | |||
r-patched-linux-x86_64 | 1.0.5 | 1.72 | 37.71 | 39.43 | NOTE | |
r-release-linux-x86_64 | 1.0.5 | 2.36 | 35.24 | 37.60 | NOTE | |
r-release-macos-arm64 | 1.0.5 | NOTE | ||||
r-release-macos-x86_64 | 1.0.5 | NOTE | ||||
r-release-windows-x86_64 | 1.0.5 | 13.00 | 60.00 | 73.00 | NOTE | |
r-oldrel-macos-arm64 | 1.0.5 | NOTE | ||||
r-oldrel-macos-x86_64 | 1.0.5 | NOTE | ||||
r-oldrel-windows-ix86+x86_64 | 1.0.5 | 6.00 | 46.00 | 52.00 | NOTE |
Version: 1.0.5
Check: LazyData
Result: NOTE
'LazyData' is specified without a 'data' directory
Flavors: r-devel-linux-x86_64-debian-clang, r-devel-linux-x86_64-debian-gcc, r-devel-linux-x86_64-fedora-clang, r-devel-linux-x86_64-fedora-gcc, r-patched-linux-x86_64, r-release-linux-x86_64, r-release-macos-arm64, r-release-macos-x86_64, r-release-windows-x86_64, r-oldrel-macos-arm64, r-oldrel-macos-x86_64, r-oldrel-windows-ix86+x86_64