Last updated on 2022-04-24 03:52:34 CEST.
Flavor | Version | Tinstall | Tcheck | Ttotal | Status | Flags |
---|---|---|---|---|---|---|
r-devel-linux-x86_64-debian-clang | 0.0.1 | 6.79 | 78.14 | 84.93 | OK | |
r-devel-linux-x86_64-debian-gcc | 0.0.1 | 5.04 | 57.37 | 62.41 | OK | |
r-devel-linux-x86_64-fedora-clang | 0.0.1 | 107.37 | NOTE | |||
r-devel-linux-x86_64-fedora-gcc | 0.0.1 | 85.49 | NOTE | |||
r-patched-linux-x86_64 | 0.0.1 | 4.35 | 74.04 | 78.39 | OK | |
r-release-linux-x86_64 | 0.0.1 | 5.10 | 70.80 | 75.90 | OK | |
r-release-macos-arm64 | 0.0.1 | NOTE | ||||
r-release-macos-x86_64 | 0.0.1 | NOTE | ||||
r-release-windows-x86_64 | 0.0.1 | 25.00 | 89.00 | 114.00 | OK | |
r-oldrel-macos-arm64 | 0.0.1 | NOTE | ||||
r-oldrel-macos-x86_64 | 0.0.1 | NOTE | ||||
r-oldrel-windows-ix86+x86_64 | 0.0.1 | 15.00 | 81.00 | 96.00 | OK |
Version: 0.0.1
Check: dependencies in R code
Result: NOTE
Namespaces in Imports field not imported from:
‘generics’ ‘lifecycle’ ‘magrittr’
All declared Imports should be used.
Flavors: r-devel-linux-x86_64-fedora-clang, r-devel-linux-x86_64-fedora-gcc, r-release-macos-arm64, r-release-macos-x86_64, r-oldrel-macos-arm64, r-oldrel-macos-x86_64