Last updated on 2022-04-24 03:52:34 CEST.
Flavor | Version | Tinstall | Tcheck | Ttotal | Status | Flags |
---|---|---|---|---|---|---|
r-devel-linux-x86_64-debian-clang | 1.5 | 2.61 | 34.36 | 36.97 | NOTE | |
r-devel-linux-x86_64-debian-gcc | 1.5 | 2.00 | 26.85 | 28.85 | NOTE | |
r-devel-linux-x86_64-fedora-clang | 1.5 | 47.60 | NOTE | |||
r-devel-linux-x86_64-fedora-gcc | 1.5 | 34.38 | NOTE | |||
r-patched-linux-x86_64 | 1.5 | 2.77 | 34.04 | 36.81 | NOTE | |
r-release-linux-x86_64 | 1.5 | 2.44 | 33.38 | 35.82 | NOTE | |
r-release-macos-arm64 | 1.5 | NOTE | ||||
r-release-macos-x86_64 | 1.5 | NOTE | ||||
r-release-windows-x86_64 | 1.5 | 13.00 | 51.00 | 64.00 | NOTE | |
r-oldrel-macos-arm64 | 1.5 | NOTE | ||||
r-oldrel-macos-x86_64 | 1.5 | NOTE | ||||
r-oldrel-windows-ix86+x86_64 | 1.5 | 5.00 | 31.00 | 36.00 | NOTE |
Version: 1.5
Check: dependencies in R code
Result: NOTE
'library' or 'require' call to 'tcltk' which was already attached by Depends.
Please remove these calls from your code.
Flavors: r-devel-linux-x86_64-debian-clang, r-devel-linux-x86_64-debian-gcc, r-devel-linux-x86_64-fedora-clang, r-devel-linux-x86_64-fedora-gcc, r-patched-linux-x86_64, r-release-linux-x86_64, r-release-macos-arm64, r-release-macos-x86_64, r-release-windows-x86_64, r-oldrel-macos-arm64, r-oldrel-macos-x86_64, r-oldrel-windows-ix86+x86_64
Version: 1.5
Check: R code for possible problems
Result: NOTE
fnfam: no visible global function definition for 'qnorm'
fx: no visible global function definition for 'qnorm'
normplot : <local> : replot: no visible global function definition for
'qnorm'
normplot : <local> : replot: no visible global function definition for
'pnorm'
normplot : <local> : replot: no visible global function definition for
'dnorm'
normplot : <local> : replot: no visible global function definition for
'points'
normplot : <local> : replot: no visible global function definition for
'lines'
normplot : <local> : regen: no visible global function definition for
'rnorm'
normplot : <local> : regen: no visible global function definition for
'rexp'
nsibs: no visible global function definition for 'qnorm'
ntdt: no visible global function definition for 'uniroot'
plotNtdt: no visible global function definition for 'lines'
plotNtdt: no visible global function definition for 'legend'
ptdt: no visible global function definition for 'optimize'
ptdt: no visible global function definition for 'uniroot'
ptdt: no visible global function definition for 'pnorm'
Undefined global functions or variables:
dnorm legend lines optimize pnorm points qnorm rexp rnorm uniroot
Consider adding
importFrom("graphics", "legend", "lines", "points")
importFrom("stats", "dnorm", "optimize", "pnorm", "qnorm", "rexp",
"rnorm", "uniroot")
to your NAMESPACE file.
Flavors: r-devel-linux-x86_64-debian-clang, r-devel-linux-x86_64-debian-gcc, r-devel-linux-x86_64-fedora-clang, r-devel-linux-x86_64-fedora-gcc, r-patched-linux-x86_64, r-release-linux-x86_64, r-release-macos-arm64, r-release-macos-x86_64, r-release-windows-x86_64, r-oldrel-macos-arm64, r-oldrel-macos-x86_64, r-oldrel-windows-ix86+x86_64