Last updated on 2022-04-24 03:52:34 CEST.
Flavor | Version | Tinstall | Tcheck | Ttotal | Status | Flags |
---|---|---|---|---|---|---|
r-devel-linux-x86_64-debian-clang | 0.2.0 | 33.40 | 330.46 | 363.86 | NOTE | |
r-devel-linux-x86_64-debian-gcc | 0.2.0 | 30.07 | 237.55 | 267.62 | NOTE | |
r-devel-linux-x86_64-fedora-clang | 0.2.0 | 440.07 | NOTE | |||
r-devel-linux-x86_64-fedora-gcc | 0.2.0 | 401.17 | NOTE | |||
r-patched-linux-x86_64 | 0.2.0 | 28.18 | 308.93 | 337.11 | NOTE | |
r-release-linux-x86_64 | 0.2.0 | 21.47 | 281.06 | 302.53 | NOTE | |
r-release-macos-arm64 | 0.2.0 | NOTE | ||||
r-release-macos-x86_64 | 0.2.0 | NOTE | ||||
r-release-windows-x86_64 | 0.2.0 | 65.00 | 293.00 | 358.00 | NOTE | |
r-oldrel-macos-arm64 | 0.2.0 | NOTE | ||||
r-oldrel-macos-x86_64 | 0.2.0 | NOTE | ||||
r-oldrel-windows-ix86+x86_64 | 0.2.0 | 77.00 | 304.00 | 381.00 | NOTE |
Version: 0.2.0
Check: LazyData
Result: NOTE
'LazyData' is specified without a 'data' directory
Flavors: r-devel-linux-x86_64-debian-clang, r-devel-linux-x86_64-debian-gcc, r-devel-linux-x86_64-fedora-clang, r-devel-linux-x86_64-fedora-gcc, r-patched-linux-x86_64, r-release-linux-x86_64, r-release-macos-arm64, r-release-macos-x86_64, r-release-windows-x86_64, r-oldrel-macos-arm64, r-oldrel-macos-x86_64, r-oldrel-windows-ix86+x86_64