Last updated on 2022-04-24 03:52:34 CEST.
Flavor | Version | Tinstall | Tcheck | Ttotal | Status | Flags |
---|---|---|---|---|---|---|
r-devel-linux-x86_64-debian-clang | 1.1.0 | 7.07 | 191.04 | 198.11 | OK | |
r-devel-linux-x86_64-debian-gcc | 1.1.0 | 8.39 | 132.15 | 140.54 | OK | |
r-devel-linux-x86_64-fedora-clang | 1.1.0 | 236.48 | NOTE | |||
r-devel-linux-x86_64-fedora-gcc | 1.1.0 | 220.06 | OK | |||
r-patched-linux-x86_64 | 1.1.0 | 9.30 | 182.73 | 192.03 | OK | |
r-release-linux-x86_64 | 1.1.0 | 7.28 | 185.45 | 192.73 | OK | |
r-release-macos-arm64 | 1.1.0 | OK | ||||
r-release-macos-x86_64 | 1.1.0 | OK | ||||
r-release-windows-x86_64 | 1.1.0 | 25.00 | 207.00 | 232.00 | OK | |
r-oldrel-macos-arm64 | 1.1.0 | OK | ||||
r-oldrel-macos-x86_64 | 1.1.0 | OK | ||||
r-oldrel-windows-ix86+x86_64 | 1.1.0 | 17.00 | 217.00 | 234.00 | OK |
Version: 1.1.0
Check: Rd cross-references
Result: NOTE
Undeclared package ‘advclust’ in Rd xrefs
Flavor: r-devel-linux-x86_64-fedora-clang