Last updated on 2022-04-24 03:52:34 CEST.
Flavor | Version | Tinstall | Tcheck | Ttotal | Status | Flags |
---|---|---|---|---|---|---|
r-devel-linux-x86_64-debian-clang | 1.2 | 55.82 | 192.23 | 248.05 | NOTE | |
r-devel-linux-x86_64-debian-gcc | 1.2 | 44.89 | 129.49 | 174.38 | NOTE | |
r-devel-linux-x86_64-fedora-clang | 1.2 | 313.21 | NOTE | |||
r-devel-linux-x86_64-fedora-gcc | 1.2 | 274.77 | NOTE | |||
r-patched-linux-x86_64 | 1.2 | 49.89 | 180.06 | 229.95 | NOTE | |
r-release-linux-x86_64 | 1.2 | 45.37 | 69.57 | 114.94 | NOTE | |
r-release-macos-arm64 | 1.2 | NOTE | ||||
r-release-macos-x86_64 | 1.2 | NOTE | ||||
r-release-windows-x86_64 | 1.2 | 51.00 | 211.00 | 262.00 | NOTE | |
r-oldrel-macos-arm64 | 1.2 | NOTE | ||||
r-oldrel-macos-x86_64 | 1.2 | NOTE | ||||
r-oldrel-windows-ix86+x86_64 | 1.2 | 136.00 | 119.00 | 255.00 | NOTE |
Version: 1.2
Check: LazyData
Result: NOTE
'LazyData' is specified without a 'data' directory
Flavors: r-devel-linux-x86_64-debian-clang, r-devel-linux-x86_64-debian-gcc, r-devel-linux-x86_64-fedora-clang, r-devel-linux-x86_64-fedora-gcc, r-patched-linux-x86_64, r-release-linux-x86_64, r-release-macos-arm64, r-release-macos-x86_64, r-release-windows-x86_64, r-oldrel-macos-arm64, r-oldrel-macos-x86_64, r-oldrel-windows-ix86+x86_64