Last updated on 2022-04-24 03:52:34 CEST.
Flavor | Version | Tinstall | Tcheck | Ttotal | Status | Flags |
---|---|---|---|---|---|---|
r-devel-linux-x86_64-debian-clang | 1.2 | 14.83 | 140.93 | 155.76 | NOTE | |
r-devel-linux-x86_64-debian-gcc | 1.2 | 11.50 | 103.05 | 114.55 | NOTE | |
r-devel-linux-x86_64-fedora-clang | 1.2 | 188.24 | NOTE | |||
r-devel-linux-x86_64-fedora-gcc | 1.2 | 168.21 | NOTE | |||
r-patched-linux-x86_64 | 1.2 | 20.25 | 131.73 | 151.98 | NOTE | |
r-release-linux-x86_64 | 1.2 | 13.18 | 121.21 | 134.39 | NOTE | |
r-release-macos-arm64 | 1.2 | NOTE | ||||
r-release-macos-x86_64 | 1.2 | NOTE | ||||
r-release-windows-x86_64 | 1.2 | 35.00 | 147.00 | 182.00 | NOTE | |
r-oldrel-macos-arm64 | 1.2 | NOTE | ||||
r-oldrel-macos-x86_64 | 1.2 | NOTE | ||||
r-oldrel-windows-ix86+x86_64 | 1.2 | 32.00 | 140.00 | 172.00 | NOTE |
Version: 1.2
Check: R code for possible problems
Result: NOTE
pr.conditional: no visible global function definition for 'qnorm'
pr.marginal: no visible global function definition for 'qnorm'
prLogisticDelta: no visible global function definition for 'glm'
prLogisticDelta: no visible binding for global variable 'binomial'
Undefined global functions or variables:
binomial glm qnorm
Consider adding
importFrom("stats", "binomial", "glm", "qnorm")
to your NAMESPACE file.
Flavors: r-devel-linux-x86_64-debian-clang, r-devel-linux-x86_64-debian-gcc, r-devel-linux-x86_64-fedora-clang, r-devel-linux-x86_64-fedora-gcc, r-patched-linux-x86_64, r-release-linux-x86_64, r-release-macos-arm64, r-release-macos-x86_64, r-release-windows-x86_64, r-oldrel-macos-arm64, r-oldrel-macos-x86_64, r-oldrel-windows-ix86+x86_64