Last updated on 2022-04-24 03:52:34 CEST.
Flavor | Version | Tinstall | Tcheck | Ttotal | Status | Flags |
---|---|---|---|---|---|---|
r-devel-linux-x86_64-debian-clang | 1.0.0 | 1.51 | 36.12 | 37.63 | NOTE | |
r-devel-linux-x86_64-debian-gcc | 1.0.0 | 1.57 | 27.20 | 28.77 | NOTE | |
r-devel-linux-x86_64-fedora-clang | 1.0.0 | 46.25 | NOTE | |||
r-devel-linux-x86_64-fedora-gcc | 1.0.0 | 34.01 | NOTE | |||
r-patched-linux-x86_64 | 1.0.0 | 1.73 | 34.10 | 35.83 | NOTE | |
r-release-linux-x86_64 | 1.0.0 | 1.72 | 33.75 | 35.47 | NOTE | |
r-release-macos-arm64 | 1.0.0 | NOTE | ||||
r-release-macos-x86_64 | 1.0.0 | NOTE | ||||
r-release-windows-x86_64 | 1.0.0 | 5.00 | 51.00 | 56.00 | NOTE | |
r-oldrel-macos-arm64 | 1.0.0 | NOTE | ||||
r-oldrel-macos-x86_64 | 1.0.0 | NOTE | ||||
r-oldrel-windows-ix86+x86_64 | 1.0.0 | 6.00 | 42.00 | 48.00 | NOTE |
Version: 1.0.0
Check: LazyData
Result: NOTE
'LazyData' is specified without a 'data' directory
Flavors: r-devel-linux-x86_64-debian-clang, r-devel-linux-x86_64-debian-gcc, r-devel-linux-x86_64-fedora-clang, r-devel-linux-x86_64-fedora-gcc, r-patched-linux-x86_64, r-release-linux-x86_64, r-release-macos-arm64, r-release-macos-x86_64, r-release-windows-x86_64, r-oldrel-macos-arm64, r-oldrel-macos-x86_64, r-oldrel-windows-ix86+x86_64