Last updated on 2022-04-24 03:52:34 CEST.
Flavor | Version | Tinstall | Tcheck | Ttotal | Status | Flags |
---|---|---|---|---|---|---|
r-devel-linux-x86_64-debian-clang | 1.3 | 22.35 | 40.25 | 62.60 | OK | |
r-devel-linux-x86_64-debian-gcc | 1.3 | 17.85 | 30.70 | 48.55 | OK | |
r-devel-linux-x86_64-fedora-clang | 1.3 | 86.65 | NOTE | |||
r-devel-linux-x86_64-fedora-gcc | 1.3 | 65.96 | NOTE | |||
r-patched-linux-x86_64 | 1.3 | 17.49 | 38.42 | 55.91 | OK | |
r-release-linux-x86_64 | 1.3 | 20.76 | 36.09 | 56.85 | OK | |
r-release-macos-arm64 | 1.3 | OK | ||||
r-release-macos-x86_64 | 1.3 | OK | ||||
r-release-windows-x86_64 | 1.3 | 26.00 | 77.00 | 103.00 | OK | |
r-oldrel-macos-arm64 | 1.3 | OK | ||||
r-oldrel-macos-x86_64 | 1.3 | OK | ||||
r-oldrel-windows-ix86+x86_64 | 1.3 | 52.00 | 71.00 | 123.00 | OK |
Version: 1.3
Check: compiled code
Result: NOTE
File ‘prclust/libs/prclust.so’:
Found no calls to: ‘R_registerRoutines’, ‘R_useDynamicSymbols’
It is good practice to register native routines and to disable symbol
search.
See ‘Writing portable packages’ in the ‘Writing R Extensions’ manual.
Flavors: r-devel-linux-x86_64-fedora-clang, r-devel-linux-x86_64-fedora-gcc