Last updated on 2022-04-24 03:52:34 CEST.
Flavor | Version | Tinstall | Tcheck | Ttotal | Status | Flags |
---|---|---|---|---|---|---|
r-devel-linux-x86_64-debian-clang | 0.12.9 | 53.22 | 193.40 | 246.62 | OK | |
r-devel-linux-x86_64-debian-gcc | 0.12.9 | 43.30 | 139.75 | 183.05 | OK | |
r-devel-linux-x86_64-fedora-clang | 0.12.9 | 302.99 | OK | |||
r-devel-linux-x86_64-fedora-gcc | 0.12.9 | 276.06 | OK | |||
r-patched-linux-x86_64 | 0.12.9 | 44.29 | 180.38 | 224.67 | OK | |
r-release-linux-x86_64 | 0.12.9 | 48.57 | 169.52 | 218.09 | OK | |
r-release-macos-arm64 | 0.12.9 | NOTE | ||||
r-release-macos-x86_64 | 0.12.9 | OK | ||||
r-release-windows-x86_64 | 0.12.9 | 98.00 | 228.00 | 326.00 | OK | |
r-oldrel-macos-arm64 | 0.12.9 | NOTE | ||||
r-oldrel-macos-x86_64 | 0.12.9 | OK | ||||
r-oldrel-windows-ix86+x86_64 | 0.12.9 | 118.00 | 279.00 | 397.00 | OK |
Version: 0.12.9
Check: installed package size
Result: NOTE
installed size is 5.5Mb
sub-directories of 1Mb or more:
doc 1.2Mb
libs 3.4Mb
Flavors: r-release-macos-arm64, r-oldrel-macos-arm64