Last updated on 2022-04-24 03:52:34 CEST.
Flavor | Version | Tinstall | Tcheck | Ttotal | Status | Flags |
---|---|---|---|---|---|---|
r-devel-linux-x86_64-debian-clang | 0.1.3.3 | 17.27 | 166.76 | 184.03 | NOTE | |
r-devel-linux-x86_64-debian-gcc | 0.1.3.3 | 12.20 | 120.28 | 132.48 | NOTE | |
r-devel-linux-x86_64-fedora-clang | 0.1.3.3 | 218.44 | NOTE | |||
r-devel-linux-x86_64-fedora-gcc | 0.1.3.3 | 197.35 | NOTE | |||
r-patched-linux-x86_64 | 0.1.3.3 | 13.34 | 156.24 | 169.58 | NOTE | |
r-release-linux-x86_64 | 0.1.3.3 | 9.89 | 146.04 | 155.93 | NOTE | |
r-release-macos-arm64 | 0.1.3.3 | NOTE | ||||
r-release-macos-x86_64 | 0.1.3.3 | WARN | ||||
r-release-windows-x86_64 | 0.1.3.3 | 37.00 | 181.00 | 218.00 | NOTE | |
r-oldrel-macos-arm64 | 0.1.3.3 | NOTE | ||||
r-oldrel-macos-x86_64 | 0.1.3.3 | WARN | ||||
r-oldrel-windows-ix86+x86_64 | 0.1.3.3 | 33.00 | 164.00 | 197.00 | NOTE |
Version: 0.1.3.3
Check: LazyData
Result: NOTE
'LazyData' is specified without a 'data' directory
Flavors: r-devel-linux-x86_64-debian-clang, r-devel-linux-x86_64-debian-gcc, r-devel-linux-x86_64-fedora-clang, r-devel-linux-x86_64-fedora-gcc, r-patched-linux-x86_64, r-release-linux-x86_64, r-release-macos-arm64, r-release-macos-x86_64, r-release-windows-x86_64, r-oldrel-macos-arm64, r-oldrel-macos-x86_64, r-oldrel-windows-ix86+x86_64
Version: 0.1.3.3
Check: dependencies in R code
Result: NOTE
Namespaces in Imports field not imported from:
‘TH.data’ ‘moonBook’
All declared Imports should be used.
Flavors: r-devel-linux-x86_64-fedora-clang, r-devel-linux-x86_64-fedora-gcc, r-release-macos-arm64, r-release-macos-x86_64, r-oldrel-macos-arm64, r-oldrel-macos-x86_64
Version: 0.1.3.3
Check: re-building of vignette outputs
Result: WARN
Error(s) in re-building vignettes:
...
--- re-building ‘predict3d.Rmd’ using rmarkdown
Warning in engine$weave(file, quiet = quiet, encoding = enc) :
Pandoc (>= 1.12.3) not available. Falling back to R Markdown v1.
Loading required package: predict3d
Loading required package: rgl
Quitting from lines 55-58 (predict3d.Rmd)
Error: processing vignette 'predict3d.Rmd' failed with diagnostics:
invalid 'path' argument
--- failed re-building ‘predict3d.Rmd’
SUMMARY: processing the following file failed:
‘predict3d.Rmd’
Error: Vignette re-building failed.
Execution halted
Flavors: r-release-macos-x86_64, r-oldrel-macos-x86_64