Last updated on 2022-04-24 03:52:34 CEST.
Flavor | Version | Tinstall | Tcheck | Ttotal | Status | Flags |
---|---|---|---|---|---|---|
r-devel-linux-x86_64-debian-clang | 1.0.0 | 9.16 | 182.84 | 192.00 | OK | |
r-devel-linux-x86_64-debian-gcc | 1.0.0 | 8.88 | 131.25 | 140.13 | OK | |
r-devel-linux-x86_64-fedora-clang | 1.0.0 | 225.67 | NOTE | |||
r-devel-linux-x86_64-fedora-gcc | 1.0.0 | 206.01 | NOTE | |||
r-patched-linux-x86_64 | 1.0.0 | 11.57 | 169.51 | 181.08 | OK | |
r-release-linux-x86_64 | 1.0.0 | 8.39 | 161.20 | 169.59 | OK | |
r-release-macos-arm64 | 1.0.0 | NOTE | ||||
r-release-macos-x86_64 | 1.0.0 | NOTE | ||||
r-release-windows-x86_64 | 1.0.0 | 21.00 | 183.00 | 204.00 | OK | |
r-oldrel-macos-arm64 | 1.0.0 | NOTE | ||||
r-oldrel-macos-x86_64 | 1.0.0 | NOTE | ||||
r-oldrel-windows-ix86+x86_64 | 1.0.0 | 21.00 | 188.00 | 209.00 | OK |
Version: 1.0.0
Check: dependencies in R code
Result: NOTE
Namespace in Imports field not imported from: ‘dplyr’
All declared Imports should be used.
Flavors: r-devel-linux-x86_64-fedora-clang, r-devel-linux-x86_64-fedora-gcc, r-release-macos-arm64, r-release-macos-x86_64, r-oldrel-macos-arm64, r-oldrel-macos-x86_64