Last updated on 2022-04-24 03:52:34 CEST.
Flavor | Version | Tinstall | Tcheck | Ttotal | Status | Flags |
---|---|---|---|---|---|---|
r-devel-linux-x86_64-debian-clang | 0.8-34 | 12.35 | 116.08 | 128.43 | NOTE | |
r-devel-linux-x86_64-debian-gcc | 0.8-34 | 12.25 | 88.66 | 100.91 | NOTE | |
r-devel-linux-x86_64-fedora-clang | 0.8-34 | 156.71 | NOTE | |||
r-devel-linux-x86_64-fedora-gcc | 0.8-34 | 142.69 | NOTE | |||
r-patched-linux-x86_64 | 0.8-34 | 11.92 | 110.89 | 122.81 | OK | |
r-release-linux-x86_64 | 0.8-34 | 15.46 | 108.57 | 124.03 | OK | |
r-release-macos-arm64 | 0.8-34 | OK | ||||
r-release-macos-x86_64 | 0.8-34 | OK | ||||
r-release-windows-x86_64 | 0.8-34 | 41.00 | 134.00 | 175.00 | OK | |
r-oldrel-macos-arm64 | 0.8-34 | OK | ||||
r-oldrel-macos-x86_64 | 0.8-34 | OK | ||||
r-oldrel-windows-ix86+x86_64 | 0.8-34 | 28.00 | 162.00 | 190.00 | OK |
Version: 0.8-34
Check: Rd files
Result: NOTE
checkRd: (7) file 'pattL.fit.Rd': \item in \value must have non-empty label
checkRd: (7) file 'pattLrep.fit.Rd': \item in \value must have non-empty label
checkRd: (7) file 'pattPC.fit.Rd': \item in \value must have non-empty label
checkRd: (7) file 'pattR.fit.Rd': \item in \value must have non-empty label
checkRd: (7) file 'pattRrep.fit.Rd': \item in \value must have non-empty label
Flavors: r-devel-linux-x86_64-debian-clang, r-devel-linux-x86_64-debian-gcc, r-devel-linux-x86_64-fedora-clang, r-devel-linux-x86_64-fedora-gcc