Last updated on 2022-04-24 03:52:34 CEST.
Flavor | Version | Tinstall | Tcheck | Ttotal | Status | Flags |
---|---|---|---|---|---|---|
r-devel-linux-x86_64-debian-clang | 0.2.1 | 3.92 | 84.97 | 88.89 | OK | |
r-devel-linux-x86_64-debian-gcc | 0.2.1 | 3.71 | 64.06 | 67.77 | OK | |
r-devel-linux-x86_64-fedora-clang | 0.2.1 | 114.53 | NOTE | |||
r-devel-linux-x86_64-fedora-gcc | 0.2.1 | 93.20 | NOTE | |||
r-patched-linux-x86_64 | 0.2.1 | 5.74 | 81.47 | 87.21 | OK | |
r-release-linux-x86_64 | 0.2.1 | 4.69 | 91.85 | 96.54 | OK | |
r-release-macos-arm64 | 0.2.1 | NOTE | ||||
r-release-macos-x86_64 | 0.2.1 | NOTE | ||||
r-release-windows-x86_64 | 0.2.1 | 79.00 | 151.00 | 230.00 | OK | |
r-oldrel-macos-arm64 | 0.2.1 | NOTE | ||||
r-oldrel-macos-x86_64 | 0.2.1 | NOTE | ||||
r-oldrel-windows-ix86+x86_64 | 0.2.1 | 9.00 | 123.00 | 132.00 | OK |
Version: 0.2.1
Check: data for non-ASCII characters
Result: NOTE
Note: found 64 marked UTF-8 strings
Flavors: r-devel-linux-x86_64-fedora-clang, r-devel-linux-x86_64-fedora-gcc, r-release-macos-arm64, r-release-macos-x86_64, r-oldrel-macos-arm64, r-oldrel-macos-x86_64