Last updated on 2022-04-24 03:52:34 CEST.
Flavor | Version | Tinstall | Tcheck | Ttotal | Status | Flags |
---|---|---|---|---|---|---|
r-devel-linux-x86_64-debian-clang | 0.1.0 | 4.19 | 36.14 | 40.33 | OK | |
r-devel-linux-x86_64-debian-gcc | 0.1.0 | 3.24 | 28.32 | 31.56 | OK | |
r-devel-linux-x86_64-fedora-clang | 0.1.0 | 50.54 | NOTE | |||
r-devel-linux-x86_64-fedora-gcc | 0.1.0 | 38.27 | NOTE | |||
r-patched-linux-x86_64 | 0.1.0 | 4.06 | 35.82 | 39.88 | OK | |
r-release-linux-x86_64 | 0.1.0 | 3.80 | 34.87 | 38.67 | OK | |
r-release-macos-arm64 | 0.1.0 | NOTE | ||||
r-release-macos-x86_64 | 0.1.0 | NOTE | ||||
r-release-windows-x86_64 | 0.1.0 | 41.00 | 55.00 | 96.00 | OK | |
r-oldrel-macos-arm64 | 0.1.0 | NOTE | ||||
r-oldrel-macos-x86_64 | 0.1.0 | NOTE | ||||
r-oldrel-windows-ix86+x86_64 | 0.1.0 | 9.00 | 44.00 | 53.00 | OK |
Version: 0.1.0
Check: data for non-ASCII characters
Result: NOTE
Note: found 42966 marked UTF-8 strings
Flavors: r-devel-linux-x86_64-fedora-clang, r-devel-linux-x86_64-fedora-gcc, r-release-macos-arm64, r-release-macos-x86_64, r-oldrel-macos-arm64, r-oldrel-macos-x86_64