Last updated on 2022-04-24 03:52:34 CEST.
Flavor | Version | Tinstall | Tcheck | Ttotal | Status | Flags |
---|---|---|---|---|---|---|
r-devel-linux-x86_64-debian-clang | 1.1.0 | 9.18 | 61.64 | 70.82 | NOTE | |
r-devel-linux-x86_64-debian-gcc | 1.1.0 | 8.29 | 48.41 | 56.70 | NOTE | |
r-devel-linux-x86_64-fedora-clang | 1.1.0 | 89.99 | NOTE | |||
r-devel-linux-x86_64-fedora-gcc | 1.1.0 | 76.60 | NOTE | |||
r-patched-linux-x86_64 | 1.1.0 | 8.32 | 60.54 | 68.86 | NOTE | |
r-release-linux-x86_64 | 1.1.0 | 7.72 | 59.39 | 67.11 | NOTE | |
r-release-macos-arm64 | 1.1.0 | NOTE | ||||
r-release-macos-x86_64 | 1.1.0 | NOTE | ||||
r-release-windows-x86_64 | 1.1.0 | 57.00 | 93.00 | 150.00 | NOTE | |
r-oldrel-macos-arm64 | 1.1.0 | NOTE | ||||
r-oldrel-macos-x86_64 | 1.1.0 | NOTE | ||||
r-oldrel-windows-ix86+x86_64 | 1.1.0 | 31.00 | 109.00 | 140.00 | NOTE |
Version: 1.1.0
Check: LazyData
Result: NOTE
'LazyData' is specified without a 'data' directory
Flavors: r-devel-linux-x86_64-debian-clang, r-devel-linux-x86_64-debian-gcc, r-devel-linux-x86_64-fedora-clang, r-devel-linux-x86_64-fedora-gcc, r-patched-linux-x86_64, r-release-linux-x86_64, r-release-macos-arm64, r-release-macos-x86_64, r-release-windows-x86_64, r-oldrel-macos-arm64, r-oldrel-macos-x86_64, r-oldrel-windows-ix86+x86_64