Last updated on 2022-04-24 03:52:34 CEST.
Flavor | Version | Tinstall | Tcheck | Ttotal | Status | Flags |
---|---|---|---|---|---|---|
r-devel-linux-x86_64-debian-clang | 0.2.2 | 2.81 | 41.93 | 44.74 | NOTE | |
r-devel-linux-x86_64-debian-gcc | 0.2.2 | 2.44 | 32.26 | 34.70 | NOTE | |
r-devel-linux-x86_64-fedora-clang | 0.2.2 | 55.49 | NOTE | |||
r-devel-linux-x86_64-fedora-gcc | 0.2.2 | 43.83 | NOTE | |||
r-patched-linux-x86_64 | 0.2.2 | 2.98 | 40.48 | 43.46 | NOTE | |
r-release-linux-x86_64 | 0.2.2 | 2.49 | 39.96 | 42.45 | NOTE | |
r-release-macos-arm64 | 0.2.2 | NOTE | ||||
r-release-macos-x86_64 | 0.2.2 | NOTE | ||||
r-release-windows-x86_64 | 0.2.2 | 32.00 | 61.00 | 93.00 | NOTE | |
r-oldrel-macos-arm64 | 0.2.2 | NOTE | ||||
r-oldrel-macos-x86_64 | 0.2.2 | NOTE | ||||
r-oldrel-windows-ix86+x86_64 | 0.2.2 | 7.00 | 50.00 | 57.00 | NOTE |
Version: 0.2.2
Check: LazyData
Result: NOTE
'LazyData' is specified without a 'data' directory
Flavors: r-devel-linux-x86_64-debian-clang, r-devel-linux-x86_64-debian-gcc, r-devel-linux-x86_64-fedora-clang, r-devel-linux-x86_64-fedora-gcc, r-patched-linux-x86_64, r-release-linux-x86_64, r-release-macos-arm64, r-release-macos-x86_64, r-release-windows-x86_64, r-oldrel-macos-arm64, r-oldrel-macos-x86_64, r-oldrel-windows-ix86+x86_64