Last updated on 2022-04-24 03:52:34 CEST.
Flavor | Version | Tinstall | Tcheck | Ttotal | Status | Flags |
---|---|---|---|---|---|---|
r-devel-linux-x86_64-debian-clang | 2.2-3 | 4.28 | 39.40 | 43.68 | NOTE | |
r-devel-linux-x86_64-debian-gcc | 2.2-3 | 3.10 | 30.34 | 33.44 | NOTE | |
r-devel-linux-x86_64-fedora-clang | 2.2-3 | 52.39 | NOTE | |||
r-devel-linux-x86_64-fedora-gcc | 2.2-3 | 40.74 | NOTE | |||
r-patched-linux-x86_64 | 2.2-3 | 4.05 | 38.48 | 42.53 | NOTE | |
r-release-linux-x86_64 | 2.2-3 | 3.38 | 37.01 | 40.39 | NOTE | |
r-release-macos-arm64 | 2.2-3 | OK | ||||
r-release-macos-x86_64 | 2.2-3 | OK | ||||
r-release-windows-x86_64 | 2.2-3 | 33.00 | 59.00 | 92.00 | OK | |
r-oldrel-macos-arm64 | 2.2-3 | OK | ||||
r-oldrel-macos-x86_64 | 2.2-3 | OK | ||||
r-oldrel-windows-ix86+x86_64 | 2.2-3 | 7.00 | 37.00 | 44.00 | OK |
Version: 2.2-3
Check: for non-standard things in the check directory
Result: NOTE
Found the following files/directories:
'hista.png' 'plotcd.png' 'test.R' 'test.html' 'testR2html.R'
'testglm.csv' 'testglm.html' 'testglm.tab'
Flavors: r-devel-linux-x86_64-debian-clang, r-devel-linux-x86_64-debian-gcc, r-devel-linux-x86_64-fedora-clang, r-devel-linux-x86_64-fedora-gcc, r-patched-linux-x86_64, r-release-linux-x86_64