Last updated on 2022-04-24 03:52:34 CEST.
Flavor | Version | Tinstall | Tcheck | Ttotal | Status | Flags |
---|---|---|---|---|---|---|
r-devel-linux-x86_64-debian-clang | 0.4.1 | 3.30 | 47.58 | 50.88 | NOTE | |
r-devel-linux-x86_64-debian-gcc | 0.4.1 | 2.24 | 36.53 | 38.77 | NOTE | |
r-devel-linux-x86_64-fedora-clang | 0.4.1 | 63.34 | NOTE | |||
r-devel-linux-x86_64-fedora-gcc | 0.4.1 | 49.49 | NOTE | |||
r-patched-linux-x86_64 | 0.4.1 | 2.48 | 45.39 | 47.87 | NOTE | |
r-release-linux-x86_64 | 0.4.1 | 3.09 | 47.05 | 50.14 | NOTE | |
r-release-macos-arm64 | 0.4.1 | NOTE | ||||
r-release-macos-x86_64 | 0.4.1 | NOTE | ||||
r-release-windows-x86_64 | 0.4.1 | 50.00 | 84.00 | 134.00 | NOTE | |
r-oldrel-macos-arm64 | 0.4.1 | NOTE | ||||
r-oldrel-macos-x86_64 | 0.4.1 | NOTE | ||||
r-oldrel-windows-ix86+x86_64 | 0.4.1 | 7.00 | 60.00 | 67.00 | NOTE |
Version: 0.4.1
Check: LazyData
Result: NOTE
'LazyData' is specified without a 'data' directory
Flavors: r-devel-linux-x86_64-debian-clang, r-devel-linux-x86_64-debian-gcc, r-devel-linux-x86_64-fedora-clang, r-devel-linux-x86_64-fedora-gcc, r-patched-linux-x86_64, r-release-linux-x86_64, r-release-macos-arm64, r-release-macos-x86_64, r-release-windows-x86_64, r-oldrel-macos-arm64, r-oldrel-macos-x86_64, r-oldrel-windows-ix86+x86_64