Last updated on 2022-04-24 03:52:34 CEST.
Flavor | Version | Tinstall | Tcheck | Ttotal | Status | Flags |
---|---|---|---|---|---|---|
r-devel-linux-x86_64-debian-clang | 0.1.0 | 8.30 | 96.75 | 105.05 | OK | |
r-devel-linux-x86_64-debian-gcc | 0.1.0 | 6.88 | 72.01 | 78.89 | OK | |
r-devel-linux-x86_64-fedora-clang | 0.1.0 | 127.97 | NOTE | |||
r-devel-linux-x86_64-fedora-gcc | 0.1.0 | 110.24 | OK | |||
r-patched-linux-x86_64 | 0.1.0 | 8.22 | 91.34 | 99.56 | OK | |
r-release-linux-x86_64 | 0.1.0 | 6.95 | 84.11 | 91.06 | OK | |
r-release-macos-arm64 | 0.1.0 | OK | ||||
r-release-macos-x86_64 | 0.1.0 | WARN | ||||
r-release-windows-x86_64 | 0.1.0 | 18.00 | 118.00 | 136.00 | OK | |
r-oldrel-macos-arm64 | 0.1.0 | OK | ||||
r-oldrel-macos-x86_64 | 0.1.0 | WARN | ||||
r-oldrel-windows-ix86+x86_64 | 0.1.0 | 21.00 | 108.00 | 129.00 | OK |
Version: 0.1.0
Check: Rd cross-references
Result: NOTE
Undeclared package ‘parsnip’ in Rd xrefs
Flavor: r-devel-linux-x86_64-fedora-clang
Version: 0.1.0
Check: re-building of vignette outputs
Result: WARN
Error(s) in re-building vignettes:
...
--- re-building ‘prettyglm-vignette.Rmd’ using rmarkdown
Warning in engine$weave(file, quiet = quiet, encoding = enc) :
Pandoc (>= 1.12.3) not available. Falling back to R Markdown v1.
Quitting from lines 88-90 (prettyglm-vignette.Rmd)
Error: processing vignette 'prettyglm-vignette.Rmd' failed with diagnostics:
invalid 'path' argument
--- failed re-building ‘prettyglm-vignette.Rmd’
SUMMARY: processing the following file failed:
‘prettyglm-vignette.Rmd’
Error: Vignette re-building failed.
Execution halted
Flavors: r-release-macos-x86_64, r-oldrel-macos-x86_64