Last updated on 2022-04-24 03:52:34 CEST.
Flavor | Version | Tinstall | Tcheck | Ttotal | Status | Flags |
---|---|---|---|---|---|---|
r-devel-linux-x86_64-debian-clang | 0.2.2 | 2.14 | 38.54 | 40.68 | NOTE | |
r-devel-linux-x86_64-debian-gcc | 0.2.3 | 1.54 | 26.66 | 28.20 | OK | |
r-devel-linux-x86_64-fedora-clang | 0.2.3 | 46.37 | OK | |||
r-devel-linux-x86_64-fedora-gcc | 0.2.3 | 35.98 | OK | |||
r-patched-linux-x86_64 | 0.2.3 | 3.42 | 33.73 | 37.15 | OK | |
r-release-linux-x86_64 | 0.2.2 | 3.12 | 36.90 | 40.02 | NOTE | |
r-release-macos-arm64 | 0.2.2 | NOTE | ||||
r-release-macos-x86_64 | 0.2.2 | NOTE | ||||
r-release-windows-x86_64 | 0.2.2 | 21.00 | 61.00 | 82.00 | NOTE | |
r-oldrel-macos-arm64 | 0.2.2 | NOTE | ||||
r-oldrel-macos-x86_64 | 0.2.2 | NOTE | ||||
r-oldrel-windows-ix86+x86_64 | 0.2.3 | 10.00 | 49.00 | 59.00 | OK |
Version: 0.2.2
Check: LazyData
Result: NOTE
'LazyData' is specified without a 'data' directory
Flavors: r-devel-linux-x86_64-debian-clang, r-release-linux-x86_64, r-release-macos-arm64, r-release-macos-x86_64, r-release-windows-x86_64, r-oldrel-macos-arm64, r-oldrel-macos-x86_64