Last updated on 2022-04-24 03:52:34 CEST.
Flavor | Version | Tinstall | Tcheck | Ttotal | Status | Flags |
---|---|---|---|---|---|---|
r-devel-linux-x86_64-debian-clang | 1.1.1 | 1.74 | 34.63 | 36.37 | NOTE | |
r-devel-linux-x86_64-debian-gcc | 1.1.1 | 1.46 | 26.57 | 28.03 | NOTE | |
r-devel-linux-x86_64-fedora-clang | 1.1.1 | 44.53 | NOTE | |||
r-devel-linux-x86_64-fedora-gcc | 1.1.1 | 32.81 | NOTE | |||
r-patched-linux-x86_64 | 1.1.1 | 2.21 | 32.89 | 35.10 | NOTE | |
r-release-linux-x86_64 | 1.1.1 | 1.86 | 31.97 | 33.83 | NOTE | |
r-release-macos-arm64 | 1.1.1 | NOTE | ||||
r-release-macos-x86_64 | 1.1.1 | NOTE | ||||
r-release-windows-x86_64 | 1.1.1 | 41.00 | 54.00 | 95.00 | NOTE | |
r-oldrel-macos-arm64 | 1.1.1 | NOTE | ||||
r-oldrel-macos-x86_64 | 1.1.1 | NOTE | ||||
r-oldrel-windows-ix86+x86_64 | 1.1.1 | 5.00 | 42.00 | 47.00 | NOTE |
Version: 1.1.1
Check: LazyData
Result: NOTE
'LazyData' is specified without a 'data' directory
Flavors: r-devel-linux-x86_64-debian-clang, r-devel-linux-x86_64-debian-gcc, r-devel-linux-x86_64-fedora-clang, r-devel-linux-x86_64-fedora-gcc, r-patched-linux-x86_64, r-release-linux-x86_64, r-release-macos-arm64, r-release-macos-x86_64, r-release-windows-x86_64, r-oldrel-macos-arm64, r-oldrel-macos-x86_64, r-oldrel-windows-ix86+x86_64