Last updated on 2022-04-24 03:52:34 CEST.
Flavor | Version | Tinstall | Tcheck | Ttotal | Status | Flags |
---|---|---|---|---|---|---|
r-devel-linux-x86_64-debian-clang | 0.12.0 | 6.54 | 100.01 | 106.55 | NOTE | |
r-devel-linux-x86_64-debian-gcc | 0.12.0 | 4.43 | 73.57 | 78.00 | NOTE | |
r-devel-linux-x86_64-fedora-clang | 0.12.0 | 126.23 | NOTE | |||
r-devel-linux-x86_64-fedora-gcc | 0.12.0 | 111.81 | NOTE | |||
r-patched-linux-x86_64 | 0.12.0 | 4.39 | 96.30 | 100.69 | NOTE | |
r-release-linux-x86_64 | 0.12.0 | 4.86 | 86.42 | 91.28 | NOTE | |
r-release-macos-arm64 | 0.12.0 | NOTE | ||||
r-release-macos-x86_64 | 0.12.0 | NOTE | ||||
r-release-windows-x86_64 | 0.12.0 | 23.00 | 116.00 | 139.00 | NOTE | |
r-oldrel-macos-arm64 | 0.12.0 | NOTE | ||||
r-oldrel-macos-x86_64 | 0.12.0 | NOTE | ||||
r-oldrel-windows-ix86+x86_64 | 0.12.0 | 13.00 | 103.00 | 116.00 | NOTE |
Version: 0.12.0
Check: LazyData
Result: NOTE
'LazyData' is specified without a 'data' directory
Flavors: r-devel-linux-x86_64-debian-clang, r-devel-linux-x86_64-debian-gcc, r-devel-linux-x86_64-fedora-clang, r-devel-linux-x86_64-fedora-gcc, r-patched-linux-x86_64, r-release-linux-x86_64, r-release-macos-arm64, r-release-macos-x86_64, r-release-windows-x86_64, r-oldrel-macos-arm64, r-oldrel-macos-x86_64, r-oldrel-windows-ix86+x86_64