Last updated on 2022-04-24 03:52:34 CEST.
Flavor | Version | Tinstall | Tcheck | Ttotal | Status | Flags |
---|---|---|---|---|---|---|
r-devel-linux-x86_64-debian-clang | 1.1.1 | 3.03 | 132.14 | 135.17 | OK | |
r-devel-linux-x86_64-debian-gcc | 1.1.1 | 2.54 | 94.88 | 97.42 | OK | |
r-devel-linux-x86_64-fedora-clang | 1.1.1 | 162.67 | NOTE | |||
r-devel-linux-x86_64-fedora-gcc | 1.1.1 | 143.42 | NOTE | |||
r-patched-linux-x86_64 | 1.1.1 | 3.72 | 124.88 | 128.60 | OK | |
r-release-linux-x86_64 | 1.1.1 | 3.48 | 120.89 | 124.37 | OK | |
r-release-macos-arm64 | 1.1.1 | NOTE | ||||
r-release-macos-x86_64 | 1.1.1 | NOTE | ||||
r-release-windows-x86_64 | 1.1.1 | 20.00 | 139.00 | 159.00 | OK | |
r-oldrel-macos-arm64 | 1.1.1 | NOTE | ||||
r-oldrel-macos-x86_64 | 1.1.1 | NOTE | ||||
r-oldrel-windows-ix86+x86_64 | 1.1.1 | 8.00 | 127.00 | 135.00 | OK |
Version: 1.1.1
Check: dependencies in R code
Result: NOTE
Namespace in Imports field not imported from: ‘stats’
All declared Imports should be used.
Flavors: r-devel-linux-x86_64-fedora-clang, r-devel-linux-x86_64-fedora-gcc, r-release-macos-arm64, r-release-macos-x86_64, r-oldrel-macos-arm64, r-oldrel-macos-x86_64