Last updated on 2022-04-24 03:52:34 CEST.
Flavor | Version | Tinstall | Tcheck | Ttotal | Status | Flags |
---|---|---|---|---|---|---|
r-devel-linux-x86_64-debian-clang | 0.1.1 | 1.85 | 39.18 | 41.03 | NOTE | |
r-devel-linux-x86_64-debian-gcc | 0.1.1 | 1.55 | 30.20 | 31.75 | NOTE | |
r-devel-linux-x86_64-fedora-clang | 0.1.1 | 50.44 | NOTE | |||
r-devel-linux-x86_64-fedora-gcc | 0.1.1 | 38.59 | NOTE | |||
r-patched-linux-x86_64 | 0.1.1 | 1.66 | 38.09 | 39.75 | NOTE | |
r-release-linux-x86_64 | 0.1.1 | 1.73 | 37.44 | 39.17 | NOTE | |
r-release-macos-arm64 | 0.1.1 | NOTE | ||||
r-release-macos-x86_64 | 0.1.1 | NOTE | ||||
r-release-windows-x86_64 | 0.1.1 | 17.00 | 56.00 | 73.00 | NOTE | |
r-oldrel-macos-arm64 | 0.1.1 | NOTE | ||||
r-oldrel-macos-x86_64 | 0.1.1 | NOTE | ||||
r-oldrel-windows-ix86+x86_64 | 0.1.1 | 5.00 | 47.00 | 52.00 | NOTE |
Version: 0.1.1
Check: LazyData
Result: NOTE
'LazyData' is specified without a 'data' directory
Flavors: r-devel-linux-x86_64-debian-clang, r-devel-linux-x86_64-debian-gcc, r-devel-linux-x86_64-fedora-clang, r-devel-linux-x86_64-fedora-gcc, r-patched-linux-x86_64, r-release-linux-x86_64, r-release-macos-arm64, r-release-macos-x86_64, r-release-windows-x86_64, r-oldrel-macos-arm64, r-oldrel-macos-x86_64, r-oldrel-windows-ix86+x86_64