Last updated on 2022-04-24 03:52:34 CEST.
Flavor | Version | Tinstall | Tcheck | Ttotal | Status | Flags |
---|---|---|---|---|---|---|
r-devel-linux-x86_64-debian-clang | 1.2.0 | 8.07 | 82.72 | 90.79 | OK | |
r-devel-linux-x86_64-debian-gcc | 1.2.0 | 4.94 | 61.45 | 66.39 | OK | |
r-devel-linux-x86_64-fedora-clang | 1.2.0 | 110.12 | NOTE | |||
r-devel-linux-x86_64-fedora-gcc | 1.2.0 | 100.39 | NOTE | |||
r-patched-linux-x86_64 | 1.2.0 | 9.24 | 76.57 | 85.81 | OK | |
r-release-linux-x86_64 | 1.2.0 | 6.24 | 73.12 | 79.36 | OK | |
r-release-macos-arm64 | 1.2.0 | NOTE | ||||
r-release-macos-x86_64 | 1.2.0 | NOTE | ||||
r-release-windows-x86_64 | 1.2.0 | 25.00 | 106.00 | 131.00 | OK | |
r-oldrel-macos-arm64 | 1.2.0 | NOTE | ||||
r-oldrel-macos-x86_64 | 1.2.0 | NOTE | ||||
r-oldrel-windows-ix86+x86_64 | 1.2.0 | 16.00 | 91.00 | 107.00 | OK |
Version: 1.2.0
Check: dependencies in R code
Result: NOTE
Namespaces in Imports field not imported from:
‘tidyr’ ‘utils’
All declared Imports should be used.
Flavors: r-devel-linux-x86_64-fedora-clang, r-devel-linux-x86_64-fedora-gcc, r-release-macos-arm64, r-release-macos-x86_64, r-oldrel-macos-arm64, r-oldrel-macos-x86_64