Last updated on 2022-04-24 03:52:34 CEST.
Flavor | Version | Tinstall | Tcheck | Ttotal | Status | Flags |
---|---|---|---|---|---|---|
r-devel-linux-x86_64-debian-clang | 0.8-8 | 2.98 | 36.94 | 39.92 | NOTE | |
r-devel-linux-x86_64-debian-gcc | 0.8-8 | 1.94 | 28.80 | 30.74 | NOTE | |
r-devel-linux-x86_64-fedora-clang | 0.8-8 | 49.60 | NOTE | |||
r-devel-linux-x86_64-fedora-gcc | 0.8-8 | 37.94 | NOTE | |||
r-patched-linux-x86_64 | 0.8-8 | 2.88 | 35.98 | 38.86 | NOTE | |
r-release-linux-x86_64 | 0.8-8 | 2.18 | 35.84 | 38.02 | NOTE | |
r-release-macos-arm64 | 0.8-8 | NOTE | ||||
r-release-macos-x86_64 | 0.8-8 | NOTE | ||||
r-release-windows-x86_64 | 0.8-8 | 26.00 | 57.00 | 83.00 | NOTE | |
r-oldrel-macos-arm64 | 0.8-8 | NOTE | ||||
r-oldrel-macos-x86_64 | 0.8-8 | NOTE | ||||
r-oldrel-windows-ix86+x86_64 | 0.8-8 | 6.00 | 33.00 | 39.00 | NOTE |
Version: 0.8-8
Check: R code for possible problems
Result: NOTE
basisplot: no visible global function definition for 'abline'
basisplot: no visible global function definition for 'text'
basisplot: no visible global function definition for 'par'
plot.prinsimp: no visible global function definition for 'screeplot'
plot.simpart: no visible global function definition for 'par'
position_text: no visible global function definition for 'par'
position_text: no visible global function definition for 'strwidth'
simpart.formula: no visible global function definition for 'terms'
simpart.formula: no visible global function definition for
'model.matrix'
varperc: no visible global function definition for 'lines'
varperc: no visible global function definition for 'text'
varsimp: no visible global function definition for 'points'
varsimp: no visible global function definition for 'text'
varsimp: no visible global function definition for 'abline'
Undefined global functions or variables:
abline lines model.matrix par points screeplot strwidth terms text
Consider adding
importFrom("graphics", "abline", "lines", "par", "points", "strwidth",
"text")
importFrom("stats", "model.matrix", "screeplot", "terms")
to your NAMESPACE file.
Flavors: r-devel-linux-x86_64-debian-clang, r-devel-linux-x86_64-debian-gcc, r-devel-linux-x86_64-fedora-clang, r-devel-linux-x86_64-fedora-gcc, r-patched-linux-x86_64, r-release-linux-x86_64, r-release-macos-arm64, r-release-macos-x86_64, r-release-windows-x86_64, r-oldrel-macos-arm64, r-oldrel-macos-x86_64, r-oldrel-windows-ix86+x86_64