Last updated on 2022-04-24 03:52:34 CEST.
Flavor | Version | Tinstall | Tcheck | Ttotal | Status | Flags |
---|---|---|---|---|---|---|
r-devel-linux-x86_64-debian-clang | 0.4 | 270.90 | 112.10 | 383.00 | NOTE | |
r-devel-linux-x86_64-debian-gcc | 0.4 | 217.82 | 84.40 | 302.22 | NOTE | |
r-devel-linux-x86_64-fedora-clang | 0.4 | 589.80 | NOTE | |||
r-devel-linux-x86_64-fedora-gcc | 0.4 | 488.23 | NOTE | |||
r-patched-linux-x86_64 | 0.4 | 209.32 | 107.15 | 316.47 | NOTE | |
r-release-linux-x86_64 | 0.4 | 228.59 | 101.57 | 330.16 | NOTE | |
r-release-macos-arm64 | 0.4 | NOTE | ||||
r-release-macos-x86_64 | 0.4 | NOTE | ||||
r-release-windows-x86_64 | 0.4 | 331.00 | 160.00 | 491.00 | NOTE | |
r-oldrel-macos-arm64 | 0.4 | NOTE | ||||
r-oldrel-macos-x86_64 | 0.4 | NOTE | ||||
r-oldrel-windows-ix86+x86_64 | 0.4 | 692.00 | 178.00 | 870.00 | NOTE |
Version: 0.4
Check: package dependencies
Result: NOTE
Package suggested but not available for checking: 'gurobi'
Flavors: r-devel-linux-x86_64-debian-clang, r-devel-linux-x86_64-debian-gcc, r-devel-linux-x86_64-fedora-clang, r-devel-linux-x86_64-fedora-gcc, r-patched-linux-x86_64, r-release-linux-x86_64, r-release-macos-arm64, r-release-macos-x86_64, r-release-windows-x86_64, r-oldrel-macos-arm64, r-oldrel-macos-x86_64, r-oldrel-windows-ix86+x86_64
Version: 0.4
Check: installed package size
Result: NOTE
installed size is 9.4Mb
sub-directories of 1Mb or more:
doc 3.4Mb
libs 4.9Mb
Flavors: r-devel-linux-x86_64-fedora-clang, r-release-macos-arm64, r-release-macos-x86_64, r-release-windows-x86_64, r-oldrel-macos-arm64, r-oldrel-macos-x86_64, r-oldrel-windows-ix86+x86_64