Last updated on 2022-04-24 03:52:34 CEST.
| Flavor | Version | Tinstall | Tcheck | Ttotal | Status | Flags | 
|---|---|---|---|---|---|---|
| r-devel-linux-x86_64-debian-clang | 7.1.1 | 536.11 | 492.70 | 1028.81 | WARN | |
| r-devel-linux-x86_64-debian-gcc | 7.1.1 | 458.91 | 358.04 | 816.95 | NOTE | |
| r-devel-linux-x86_64-fedora-clang | 7.1.1 | 1451.45 | WARN | |||
| r-devel-linux-x86_64-fedora-gcc | 7.1.1 | 1396.68 | NOTE | |||
| r-patched-linux-x86_64 | 7.1.1 | 522.77 | 468.26 | 991.03 | NOTE | |
| r-release-linux-x86_64 | 7.1.1 | 492.22 | 438.25 | 930.47 | NOTE | |
| r-release-macos-arm64 | 7.1.1 | NOTE | ||||
| r-release-macos-x86_64 | 7.1.1 | NOTE | ||||
| r-release-windows-x86_64 | 7.1.1 | 604.00 | 538.00 | 1142.00 | NOTE | |
| r-oldrel-macos-arm64 | 7.1.1 | NOTE | ||||
| r-oldrel-macos-x86_64 | 7.1.1 | NOTE | ||||
| r-oldrel-windows-ix86+x86_64 | 7.1.1 | 1337.00 | 732.00 | 2069.00 | NOTE | 
Version: 7.1.1
Check: package dependencies
Result: NOTE
    Packages suggested but not available for checking:
      'gurobi', 'rcbc', 'cplexAPI'
Flavors: r-devel-linux-x86_64-debian-clang, r-devel-linux-x86_64-debian-gcc, r-devel-linux-x86_64-fedora-clang, r-devel-linux-x86_64-fedora-gcc, r-patched-linux-x86_64, r-release-linux-x86_64, r-release-windows-x86_64, r-oldrel-windows-ix86+x86_64
Version: 7.1.1
Check: whether package can be installed
Result: WARN
    Found the following significant warnings:
      rcpp_boundary_data.cpp:45:13: warning: use of bitwise '&' with boolean operands [-Wbitwise-instead-of-logical]
      rcpp_boundary_data.cpp:132:9: warning: use of bitwise '&' with boolean operands [-Wbitwise-instead-of-logical]
      rcpp_summarize_exactextractr.cpp:22:7: warning: use of bitwise '&' with boolean operands [-Wbitwise-instead-of-logical]
Flavors: r-devel-linux-x86_64-debian-clang, r-devel-linux-x86_64-fedora-clang
Version: 7.1.1
Check: installed package size
Result: NOTE
      installed size is 16.9Mb
      sub-directories of 1Mb or more:
        R      1.6Mb
        doc    3.4Mb
        libs  10.6Mb
Flavors: r-devel-linux-x86_64-fedora-clang, r-release-macos-arm64, r-release-macos-x86_64, r-release-windows-x86_64, r-oldrel-macos-arm64, r-oldrel-macos-x86_64, r-oldrel-windows-ix86+x86_64
Version: 7.1.1
Check: dependencies in R code
Result: NOTE
    Namespace in Imports field not imported from: ‘exactextractr’
      All declared Imports should be used.
Flavors: r-devel-linux-x86_64-fedora-clang, r-devel-linux-x86_64-fedora-gcc, r-release-macos-arm64, r-release-macos-x86_64, r-oldrel-macos-arm64, r-oldrel-macos-x86_64
Version: 7.1.1
Check: package dependencies
Result: NOTE
    Packages suggested but not available for checking:
      'gurobi', 'rcbc', 'cplexAPI', 'lpsymphony'
Flavors: r-release-macos-arm64, r-release-macos-x86_64, r-oldrel-macos-arm64, r-oldrel-macos-x86_64