Last updated on 2022-04-24 03:52:34 CEST.
Flavor | Version | Tinstall | Tcheck | Ttotal | Status | Flags |
---|---|---|---|---|---|---|
r-devel-linux-x86_64-debian-clang | 0.2.5 | 10.98 | 223.18 | 234.16 | OK | |
r-devel-linux-x86_64-debian-gcc | 0.2.5 | 7.24 | 160.98 | 168.22 | OK | |
r-devel-linux-x86_64-fedora-clang | 0.2.5 | 282.91 | NOTE | |||
r-devel-linux-x86_64-fedora-gcc | 0.2.5 | 254.99 | OK | |||
r-patched-linux-x86_64 | 0.2.5 | 7.39 | 211.81 | 219.20 | OK | |
r-release-linux-x86_64 | 0.2.5 | 8.61 | 206.25 | 214.86 | OK | |
r-release-macos-arm64 | 0.2.5 | OK | ||||
r-release-macos-x86_64 | 0.2.5 | OK | ||||
r-release-windows-x86_64 | 0.2.5 | 21.00 | 235.00 | 256.00 | OK | |
r-oldrel-macos-arm64 | 0.2.5 | OK | ||||
r-oldrel-macos-x86_64 | 0.2.5 | OK | ||||
r-oldrel-windows-ix86+x86_64 | 0.2.5 | 20.00 | 239.00 | 259.00 | OK |
Version: 0.2.5
Check: Rd cross-references
Result: NOTE
Undeclared packages ‘ipflasso’, ‘mvtnorm’ in Rd xrefs
Flavor: r-devel-linux-x86_64-fedora-clang