Last updated on 2022-04-24 03:52:34 CEST.
Flavor | Version | Tinstall | Tcheck | Ttotal | Status | Flags |
---|---|---|---|---|---|---|
r-devel-linux-x86_64-debian-clang | 1.0.0 | 6.34 | 74.41 | 80.75 | OK | |
r-devel-linux-x86_64-debian-gcc | 1.0.0 | 5.02 | 55.96 | 60.98 | OK | |
r-devel-linux-x86_64-fedora-clang | 1.0.0 | 96.41 | OK | |||
r-devel-linux-x86_64-fedora-gcc | 1.0.0 | 81.54 | OK | |||
r-patched-linux-x86_64 | 1.0.0 | 4.62 | 69.09 | 73.71 | OK | |
r-release-linux-x86_64 | 1.0.0 | 3.42 | 66.36 | 69.78 | OK | |
r-release-macos-arm64 | 1.0.0 | OK | ||||
r-release-macos-x86_64 | 1.0.0 | WARN | ||||
r-release-windows-x86_64 | 1.0.0 | 30.00 | 97.00 | 127.00 | OK | |
r-oldrel-macos-arm64 | 1.0.0 | OK | ||||
r-oldrel-macos-x86_64 | 1.0.0 | WARN | ||||
r-oldrel-windows-ix86+x86_64 | 1.0.0 | 15.00 | 82.00 | 97.00 | OK |
Version: 1.0.0
Check: re-building of vignette outputs
Result: WARN
Error(s) in re-building vignettes:
...
--- re-building ‘PRISMA.Rmd’ using rmarkdown
Warning in engine$weave(file, quiet = quiet, encoding = enc) :
Pandoc (>= 1.12.3) not available. Falling back to R Markdown v1.
Warning in getPrisma(studyStatus) :
prismaFormat is null so attempting to make automatic one from studyStatus
Warning in getFormatNode(prismaFormat) :
fontSize param not passed in prismaFormat
Quitting from lines 43-52 (PRISMA.Rmd)
Error: processing vignette 'PRISMA.Rmd' failed with diagnostics:
invalid 'path' argument
--- failed re-building ‘PRISMA.Rmd’
SUMMARY: processing the following file failed:
‘PRISMA.Rmd’
Error: Vignette re-building failed.
Execution halted
Flavors: r-release-macos-x86_64, r-oldrel-macos-x86_64