Last updated on 2022-04-24 03:52:34 CEST.
Flavor | Version | Tinstall | Tcheck | Ttotal | Status | Flags |
---|---|---|---|---|---|---|
r-devel-linux-x86_64-debian-clang | 0.1.2 | 9.34 | 79.44 | 88.78 | OK | |
r-devel-linux-x86_64-debian-gcc | 0.1.2 | 6.52 | 59.51 | 66.03 | OK | |
r-devel-linux-x86_64-fedora-clang | 0.1.2 | 103.91 | NOTE | |||
r-devel-linux-x86_64-fedora-gcc | 0.1.2 | 89.27 | NOTE | |||
r-patched-linux-x86_64 | 0.1.2 | 8.44 | 75.62 | 84.06 | OK | |
r-release-linux-x86_64 | 0.1.2 | 8.00 | 70.97 | 78.97 | OK | |
r-release-macos-arm64 | 0.1.2 | NOTE | ||||
r-release-macos-x86_64 | 0.1.2 | NOTE | ||||
r-release-windows-x86_64 | 0.1.2 | 26.00 | 91.00 | 117.00 | OK | |
r-oldrel-macos-arm64 | 0.1.2 | NOTE | ||||
r-oldrel-macos-x86_64 | 0.1.2 | NOTE | ||||
r-oldrel-windows-ix86+x86_64 | 0.1.2 | 19.00 | 81.00 | 100.00 | OK |
Version: 0.1.2
Check: data for non-ASCII characters
Result: NOTE
Note: found 2 marked UTF-8 strings
Flavors: r-devel-linux-x86_64-fedora-clang, r-devel-linux-x86_64-fedora-gcc, r-release-macos-arm64, r-release-macos-x86_64, r-oldrel-macos-arm64, r-oldrel-macos-x86_64