Last updated on 2022-04-24 03:52:34 CEST.
Flavor | Version | Tinstall | Tcheck | Ttotal | Status | Flags |
---|---|---|---|---|---|---|
r-devel-linux-x86_64-debian-clang | 1.0.2 | 1.32 | 28.38 | 29.70 | NOTE | |
r-devel-linux-x86_64-debian-gcc | 1.0.2 | 1.55 | 22.28 | 23.83 | NOTE | |
r-devel-linux-x86_64-fedora-clang | 1.0.2 | 38.82 | NOTE | |||
r-devel-linux-x86_64-fedora-gcc | 1.0.2 | 26.46 | NOTE | |||
r-patched-linux-x86_64 | 1.0.2 | 1.63 | 27.63 | 29.26 | NOTE | |
r-release-linux-x86_64 | 1.0.2 | 1.79 | 26.99 | 28.78 | NOTE | |
r-release-macos-arm64 | 1.0.2 | NOTE | ||||
r-release-macos-x86_64 | 1.0.2 | NOTE | ||||
r-release-windows-x86_64 | 1.0.2 | 16.00 | 42.00 | 58.00 | NOTE | |
r-oldrel-macos-arm64 | 1.0.2 | NOTE | ||||
r-oldrel-macos-x86_64 | 1.0.2 | NOTE | ||||
r-oldrel-windows-ix86+x86_64 | 1.0.2 | 5.00 | 24.00 | 29.00 | NOTE |
Version: 1.0.2
Check: LazyData
Result: NOTE
'LazyData' is specified without a 'data' directory
Flavors: r-devel-linux-x86_64-debian-clang, r-devel-linux-x86_64-debian-gcc, r-devel-linux-x86_64-fedora-clang, r-devel-linux-x86_64-fedora-gcc, r-patched-linux-x86_64, r-release-linux-x86_64, r-release-macos-arm64, r-release-macos-x86_64, r-release-windows-x86_64, r-oldrel-macos-arm64, r-oldrel-macos-x86_64, r-oldrel-windows-ix86+x86_64