Last updated on 2022-04-24 03:52:34 CEST.
Flavor | Version | Tinstall | Tcheck | Ttotal | Status | Flags |
---|---|---|---|---|---|---|
r-devel-linux-x86_64-debian-clang | 0.1.1 | 1.59 | 31.16 | 32.75 | NOTE | |
r-devel-linux-x86_64-debian-gcc | 0.1.1 | 1.60 | 24.43 | 26.03 | NOTE | |
r-devel-linux-x86_64-fedora-clang | 0.1.1 | 41.44 | NOTE | |||
r-devel-linux-x86_64-fedora-gcc | 0.1.1 | 28.75 | NOTE | |||
r-patched-linux-x86_64 | 0.1.1 | 2.12 | 30.79 | 32.91 | NOTE | |
r-release-linux-x86_64 | 0.1.1 | 1.48 | 29.55 | 31.03 | NOTE | |
r-release-macos-arm64 | 0.1.1 | OK | ||||
r-release-macos-x86_64 | 0.1.1 | OK | ||||
r-release-windows-x86_64 | 0.1.1 | 9.00 | 47.00 | 56.00 | OK | |
r-oldrel-macos-arm64 | 0.1.1 | OK | ||||
r-oldrel-macos-x86_64 | 0.1.1 | OK | ||||
r-oldrel-windows-ix86+x86_64 | 0.1.1 | 4.00 | 27.00 | 31.00 | OK |
Version: 0.1.1
Check: package dependencies
Result: NOTE
Package suggested but not available for checking: 'cin'
Flavors: r-devel-linux-x86_64-debian-clang, r-devel-linux-x86_64-debian-gcc, r-devel-linux-x86_64-fedora-clang, r-devel-linux-x86_64-fedora-gcc, r-patched-linux-x86_64, r-release-linux-x86_64