Last updated on 2022-04-24 03:52:34 CEST.
Flavor | Version | Tinstall | Tcheck | Ttotal | Status | Flags |
---|---|---|---|---|---|---|
r-devel-linux-x86_64-debian-clang | 1.0.1 | 2.51 | 40.11 | 42.62 | NOTE | |
r-devel-linux-x86_64-debian-gcc | 1.0.1 | 2.38 | 29.62 | 32.00 | NOTE | |
r-devel-linux-x86_64-fedora-clang | 1.0.1 | 52.02 | NOTE | |||
r-devel-linux-x86_64-fedora-gcc | 1.0.1 | 39.51 | NOTE | |||
r-patched-linux-x86_64 | 1.0.1 | 2.89 | 38.15 | 41.04 | NOTE | |
r-release-linux-x86_64 | 1.0.1 | 2.76 | 36.72 | 39.48 | NOTE | |
r-release-macos-arm64 | 1.0.1 | NOTE | ||||
r-release-macos-x86_64 | 1.0.1 | NOTE | ||||
r-release-windows-x86_64 | 1.0.1 | 13.00 | 52.00 | 65.00 | NOTE | |
r-oldrel-macos-arm64 | 1.0.1 | NOTE | ||||
r-oldrel-macos-x86_64 | 1.0.1 | NOTE | ||||
r-oldrel-windows-ix86+x86_64 | 1.0.1 | 6.00 | 45.00 | 51.00 | NOTE |
Version: 1.0.1
Check: R code for possible problems
Result: NOTE
.pfda.fstep: no visible global function definition for 'dist'
.pfda.mstep: no visible global function definition for 'cov'
Undefined global functions or variables:
cov dist
Consider adding
importFrom("stats", "cov", "dist")
to your NAMESPACE file.
Flavors: r-devel-linux-x86_64-debian-clang, r-devel-linux-x86_64-debian-gcc, r-devel-linux-x86_64-fedora-clang, r-devel-linux-x86_64-fedora-gcc, r-patched-linux-x86_64, r-release-linux-x86_64, r-release-macos-arm64, r-release-macos-x86_64, r-release-windows-x86_64, r-oldrel-macos-arm64, r-oldrel-macos-x86_64, r-oldrel-windows-ix86+x86_64