Last updated on 2022-04-24 03:52:34 CEST.
Flavor | Version | Tinstall | Tcheck | Ttotal | Status | Flags |
---|---|---|---|---|---|---|
r-devel-linux-x86_64-debian-clang | 1.0.4 | 11.32 | 142.34 | 153.66 | OK | |
r-devel-linux-x86_64-debian-gcc | 1.0.4 | 9.30 | 102.72 | 112.02 | OK | |
r-devel-linux-x86_64-fedora-clang | 1.0.4 | 179.89 | NOTE | |||
r-devel-linux-x86_64-fedora-gcc | 1.0.4 | 156.87 | OK | |||
r-patched-linux-x86_64 | 1.0.4 | 13.70 | 130.19 | 143.89 | OK | |
r-release-linux-x86_64 | 1.0.4 | 6.73 | 131.46 | 138.19 | OK | |
r-release-macos-arm64 | 1.0.4 | NOTE | ||||
r-release-macos-x86_64 | 1.0.4 | NOTE | ||||
r-release-windows-x86_64 | 1.0.4 | 87.00 | 166.00 | 253.00 | NOTE | |
r-oldrel-macos-arm64 | 1.0.4 | NOTE | ||||
r-oldrel-macos-x86_64 | 1.0.4 | NOTE | ||||
r-oldrel-windows-ix86+x86_64 | 1.0.4 | 27.00 | 152.00 | 179.00 | NOTE |
Version: 1.0.4
Check: installed package size
Result: NOTE
installed size is 13.9Mb
sub-directories of 1Mb or more:
doc 11.1Mb
htmlwidgets 2.6Mb
Flavors: r-devel-linux-x86_64-fedora-clang, r-release-macos-arm64, r-release-macos-x86_64, r-release-windows-x86_64, r-oldrel-macos-arm64, r-oldrel-macos-x86_64, r-oldrel-windows-ix86+x86_64